Last updated on 2023-06-08 08:55:17 CEST.
Flavor | Version | Tinstall | Tcheck | Ttotal | Status | Flags |
---|---|---|---|---|---|---|
r-devel-linux-x86_64-debian-clang | 2.1.1 | 252.66 | 94.21 | 346.87 | OK | |
r-devel-linux-x86_64-debian-gcc | 2.1.1 | 221.40 | 80.22 | 301.62 | OK | |
r-devel-linux-x86_64-fedora-clang | 2.1.1 | 470.44 | OK | |||
r-devel-linux-x86_64-fedora-gcc | 2.1.1 | 563.31 | OK | |||
r-devel-windows-x86_64 | 2.1.1 | 191.00 | 122.00 | 313.00 | OK | |
r-patched-linux-x86_64 | 2.1.1 | 202.03 | 96.94 | 298.97 | OK | |
r-release-linux-x86_64 | 2.1.1 | 197.69 | 98.09 | 295.78 | OK | |
r-release-macos-arm64 | 2.1.1 | 136.00 | NOTE | |||
r-release-macos-x86_64 | 2.1.0 | 239.00 | NOTE | |||
r-release-windows-x86_64 | 2.1.1 | 262.00 | 145.00 | 407.00 | OK | |
r-oldrel-macos-arm64 | 2.1.1 | 125.00 | NOTE | |||
r-oldrel-macos-x86_64 | 2.1.1 | 148.00 | NOTE | |||
r-oldrel-windows-x86_64 | 2.1.1 | 255.00 | 136.00 | 391.00 | OK |
Version: 2.1.1
Check: installed package size
Result: NOTE
installed size is 23.4Mb
sub-directories of 1Mb or more:
libs 23.1Mb
Flavors: r-release-macos-arm64, r-oldrel-macos-arm64, r-oldrel-macos-x86_64
Version: 2.1.0
Check: installed package size
Result: NOTE
installed size is 21.8Mb
sub-directories of 1Mb or more:
libs 21.5Mb
Flavor: r-release-macos-x86_64