Last updated on 2023-05-29 08:54:54 CEST.
Flavor | Version | Tinstall | Tcheck | Ttotal | Status | Flags |
---|---|---|---|---|---|---|
r-devel-linux-x86_64-debian-clang | 3.0.8 | 17.32 | 127.93 | 145.25 | NOTE | |
r-devel-linux-x86_64-debian-gcc | 3.0.8 | 13.34 | 98.06 | 111.40 | NOTE | |
r-devel-linux-x86_64-fedora-clang | 3.0.8 | 216.12 | NOTE | |||
r-devel-linux-x86_64-fedora-gcc | 3.0.8 | 191.60 | NOTE | |||
r-devel-windows-x86_64 | 3.0.8 | 16.00 | 106.00 | 122.00 | NOTE | |
r-patched-linux-x86_64 | 3.0.8 | 16.39 | 125.42 | 141.81 | NOTE | |
r-release-linux-x86_64 | 3.0.8 | 14.11 | 124.21 | 138.32 | NOTE | |
r-release-macos-arm64 | 3.0.8 | 56.00 | NOTE | |||
r-release-macos-x86_64 | 3.0.8 | 101.00 | NOTE | |||
r-release-windows-x86_64 | 3.0.8 | 18.00 | 126.00 | 144.00 | NOTE | |
r-oldrel-macos-arm64 | 3.0.8 | 78.00 | NOTE | |||
r-oldrel-macos-x86_64 | 3.0.8 | 154.00 | NOTE | |||
r-oldrel-windows-x86_64 | 3.0.8 | 19.00 | 120.00 | 139.00 | NOTE |
Version: 3.0.8
Check: LazyData
Result: NOTE
'LazyData' is specified without a 'data' directory
Flavors: r-devel-linux-x86_64-debian-clang, r-devel-linux-x86_64-debian-gcc, r-devel-linux-x86_64-fedora-clang, r-devel-linux-x86_64-fedora-gcc, r-devel-windows-x86_64, r-patched-linux-x86_64, r-release-linux-x86_64, r-release-macos-arm64, r-release-macos-x86_64, r-release-windows-x86_64, r-oldrel-macos-arm64, r-oldrel-macos-x86_64, r-oldrel-windows-x86_64