Last updated on 2023-05-28 20:03:53 CEST.
Flavor | Version | Tinstall | Tcheck | Ttotal | Status | Flags |
---|---|---|---|---|---|---|
r-devel-linux-x86_64-debian-clang | 2.4.0 | 130.28 | 332.59 | 462.87 | OK | |
r-devel-linux-x86_64-debian-gcc | 2.4.0 | 99.36 | 239.37 | 338.73 | OK | |
r-devel-linux-x86_64-fedora-clang | 2.4.0 | 543.71 | OK | |||
r-devel-linux-x86_64-fedora-gcc | 2.4.0 | 586.10 | OK | |||
r-devel-windows-x86_64 | 2.4.0 | 96.00 | 136.00 | 232.00 | OK | --no-examples --no-tests --no-vignettes |
r-patched-linux-x86_64 | 2.4.0 | 105.33 | 287.77 | 393.10 | OK | |
r-release-linux-x86_64 | 2.4.0 | 97.46 | 297.68 | 395.14 | OK | |
r-release-macos-arm64 | 2.4.0 | 152.00 | NOTE | |||
r-release-macos-x86_64 | 2.4.0 | 256.00 | NOTE | |||
r-release-windows-x86_64 | 2.4.0 | 124.00 | 147.00 | 271.00 | OK | --no-examples --no-tests --no-vignettes |
r-oldrel-macos-arm64 | 2.4.0 | 95.00 | NOTE | |||
r-oldrel-macos-x86_64 | 2.4.0 | 161.00 | NOTE | |||
r-oldrel-windows-x86_64 | 2.4.0 | 119.00 | 135.00 | 254.00 | OK | --no-examples --no-tests --no-vignettes |
Version: 2.4.0
Check: installed package size
Result: NOTE
installed size is 8.9Mb
sub-directories of 1Mb or more:
libs 7.2Mb
Flavors: r-release-macos-arm64, r-release-macos-x86_64, r-oldrel-macos-arm64, r-oldrel-macos-x86_64