Last updated on 2024-03-29 07:54:38 CET.
Flavor | Version | Tinstall | Tcheck | Ttotal | Status | Flags |
---|---|---|---|---|---|---|
r-devel-linux-x86_64-debian-clang | 1.0.3 | 60.91 | 43.23 | 104.14 | OK | |
r-devel-linux-x86_64-debian-gcc | 1.0.3 | 60.25 | 32.97 | 93.22 | OK | |
r-devel-linux-x86_64-fedora-clang | 1.0.3 | 138.25 | OK | |||
r-devel-linux-x86_64-fedora-gcc | 1.0.3 | 167.61 | OK | |||
r-devel-windows-x86_64 | 1.0.3 | 48.00 | 75.00 | 123.00 | OK | |
r-patched-linux-x86_64 | 1.0.3 | 67.93 | 42.03 | 109.96 | OK | |
r-release-linux-x86_64 | 1.0.3 | 68.89 | 41.99 | 110.88 | OK | |
r-release-macos-arm64 | 1.0.3 | 43.00 | OK | |||
r-release-macos-x86_64 | 1.0.3 | 71.00 | NOTE | |||
r-release-windows-x86_64 | 1.0.3 | 63.00 | 84.00 | 147.00 | OK | |
r-oldrel-macos-arm64 | 1.0.3 | 42.00 | OK | |||
r-oldrel-windows-x86_64 | 1.0.3 | 54.00 | 83.00 | 137.00 | OK |
Version: 1.0.3
Check: installed package size
Result: NOTE
installed size is 5.1Mb
sub-directories of 1Mb or more:
libs 4.7Mb
Flavor: r-release-macos-x86_64