Last updated on 2023-05-28 20:03:53 CEST.
Flavor | Version | Tinstall | Tcheck | Ttotal | Status | Flags |
---|---|---|---|---|---|---|
r-devel-linux-x86_64-debian-clang | 1.2.5 | 50.69 | 117.22 | 167.91 | NOTE | |
r-devel-linux-x86_64-debian-gcc | 1.2.5 | 42.81 | 87.68 | 130.49 | NOTE | |
r-devel-linux-x86_64-fedora-clang | 1.2.5 | 217.94 | NOTE | |||
r-devel-linux-x86_64-fedora-gcc | 1.2.5 | 235.67 | NOTE | |||
r-devel-windows-x86_64 | 1.2.5 | 45.00 | 203.00 | 248.00 | NOTE | |
r-patched-linux-x86_64 | 1.2.5 | 54.44 | 116.10 | 170.54 | NOTE | |
r-release-linux-x86_64 | 1.2.5 | 48.97 | 115.42 | 164.39 | NOTE | |
r-release-macos-arm64 | 1.2.5 | 80.00 | NOTE | |||
r-release-macos-x86_64 | 1.2.5 | 126.00 | NOTE | |||
r-release-windows-x86_64 | 1.2.5 | 53.00 | 222.00 | 275.00 | NOTE | |
r-oldrel-macos-arm64 | 1.2.5 | 85.00 | NOTE | |||
r-oldrel-macos-x86_64 | 1.2.5 | 96.00 | NOTE | |||
r-oldrel-windows-x86_64 | 1.2.5 | 52.00 | 206.00 | 258.00 | OK |
Version: 1.2.5
Check: C++ specification
Result: NOTE
Specified C++11: please drop specification unless essential
Flavors: r-devel-linux-x86_64-debian-clang, r-devel-linux-x86_64-debian-gcc, r-devel-linux-x86_64-fedora-clang, r-devel-linux-x86_64-fedora-gcc, r-devel-windows-x86_64, r-patched-linux-x86_64, r-release-linux-x86_64, r-release-macos-arm64, r-release-macos-x86_64, r-release-windows-x86_64
Version: 1.2.5
Check: installed package size
Result: NOTE
installed size is 6.2Mb
sub-directories of 1Mb or more:
libs 5.6Mb
Flavors: r-devel-linux-x86_64-fedora-clang, r-release-macos-arm64, r-release-macos-x86_64, r-oldrel-macos-arm64, r-oldrel-macos-x86_64