Last updated on 2024-03-28 07:52:45 CET.
Flavor | Version | Tinstall | Tcheck | Ttotal | Status | Flags |
---|---|---|---|---|---|---|
r-devel-linux-x86_64-debian-clang | 0.1.4 | 39.21 | 32.30 | 71.51 | NOTE | |
r-devel-linux-x86_64-debian-gcc | 0.1.4 | 32.23 | 25.33 | 57.56 | NOTE | |
r-devel-linux-x86_64-fedora-clang | 0.1.4 | 101.24 | NOTE | |||
r-devel-linux-x86_64-fedora-gcc | 0.1.4 | 105.29 | NOTE | |||
r-devel-windows-x86_64 | 0.1.4 | 31.00 | 68.00 | 99.00 | NOTE | |
r-patched-linux-x86_64 | 0.1.4 | 36.11 | 32.24 | 68.35 | NOTE | |
r-release-linux-x86_64 | 0.1.4 | 40.39 | 31.93 | 72.32 | NOTE | |
r-release-macos-arm64 | 0.1.4 | 30.00 | NOTE | |||
r-release-macos-x86_64 | 0.1.4 | 51.00 | NOTE | |||
r-release-windows-x86_64 | 0.1.4 | 39.00 | 75.00 | 114.00 | NOTE | |
r-oldrel-macos-arm64 | 0.1.4 | 36.00 | OK | |||
r-oldrel-windows-x86_64 | 0.1.4 | 37.00 | 73.00 | 110.00 | OK |
Version: 0.1.4
Check: C++ specification
Result: NOTE
Specified C++11: please drop specification unless essential
Flavors: r-devel-linux-x86_64-debian-clang, r-devel-linux-x86_64-debian-gcc, r-devel-linux-x86_64-fedora-clang, r-devel-linux-x86_64-fedora-gcc, r-devel-windows-x86_64, r-patched-linux-x86_64, r-release-linux-x86_64, r-release-macos-arm64, r-release-macos-x86_64, r-release-windows-x86_64
Version: 0.1.4
Check: package subdirectories
Result: NOTE
Problems with news in ‘NEWS.md’:
No news entries found.
Flavors: r-devel-linux-x86_64-debian-clang, r-devel-linux-x86_64-debian-gcc, r-devel-linux-x86_64-fedora-clang, r-devel-linux-x86_64-fedora-gcc, r-devel-windows-x86_64, r-patched-linux-x86_64, r-release-linux-x86_64, r-release-macos-arm64, r-release-macos-x86_64, r-release-windows-x86_64