Last updated on 2024-03-28 07:52:45 CET.
Flavor | Version | Tinstall | Tcheck | Ttotal | Status | Flags |
---|---|---|---|---|---|---|
r-devel-linux-x86_64-debian-clang | 0.2.2 | 2.25 | 26.04 | 28.29 | OK | |
r-devel-linux-x86_64-debian-gcc | 0.2.2 | 1.66 | 20.24 | 21.90 | OK | |
r-devel-linux-x86_64-fedora-clang | 0.2.2 | 35.57 | OK | |||
r-devel-linux-x86_64-fedora-gcc | 0.2.2 | 36.07 | OK | |||
r-devel-windows-x86_64 | 0.2.2 | 4.00 | 42.00 | 46.00 | OK | |
r-patched-linux-x86_64 | 0.2.2 | 2.27 | 25.13 | 27.40 | OK | |
r-release-linux-x86_64 | 0.2.2 | 2.41 | 25.94 | 28.35 | OK | |
r-release-macos-arm64 | 0.2.2 | 18.00 | NOTE | |||
r-release-macos-x86_64 | 0.2.2 | 22.00 | NOTE | |||
r-release-windows-x86_64 | 0.2.2 | 5.00 | 43.00 | 48.00 | OK | |
r-oldrel-macos-arm64 | 0.2.2 | 19.00 | OK | |||
r-oldrel-windows-x86_64 | 0.2.2 | 4.00 | 48.00 | 52.00 | OK |
Version: 0.2.2
Check: package dependencies
Result: NOTE
Package suggested but not available for checking: ‘IHW’
Flavors: r-release-macos-arm64, r-release-macos-x86_64