Last updated on 2023-10-02 20:11:54 CEST.
Flavor | Version | Tinstall | Tcheck | Ttotal | Status | Flags |
---|---|---|---|---|---|---|
r-devel-linux-x86_64-debian-clang | 2.15-3 | 57.25 | 343.29 | 400.54 | OK | |
r-devel-linux-x86_64-debian-gcc | 2.15-3 | 49.71 | 244.56 | 294.27 | OK | |
r-devel-linux-x86_64-fedora-clang | 2.15-3 | 530.03 | NOTE | |||
r-devel-linux-x86_64-fedora-gcc | 2.15-3 | 492.40 | OK | |||
r-devel-windows-x86_64 | 2.15-3 | 63.00 | 238.00 | 301.00 | OK | |
r-patched-linux-x86_64 | 2.15-3 | 61.86 | 327.53 | 389.39 | OK | |
r-release-linux-x86_64 | 2.15-3 | 55.81 | 332.56 | 388.37 | OK | |
r-release-macos-arm64 | 2.15-3 | 90.00 | OK | |||
r-release-macos-x86_64 | 2.15-3 | 189.00 | OK | |||
r-release-windows-x86_64 | 2.15-3 | 65.00 | 290.00 | 355.00 | OK | |
r-oldrel-macos-arm64 | 2.15-3 | 150.00 | OK | |||
r-oldrel-macos-x86_64 | 2.15-3 | 384.00 | OK | |||
r-oldrel-windows-x86_64 | 2.15-3 | 73.00 | 296.00 | 369.00 | OK |
Version: 2.15-3
Check: Rd cross-references
Result: NOTE
Undeclared packages ‘rgeos’, ‘pvclust’ in Rd xrefs
Flavor: r-devel-linux-x86_64-fedora-clang