Last updated on 2024-03-29 07:54:38 CET.
Flavor | Version | Tinstall | Tcheck | Ttotal | Status | Flags |
---|---|---|---|---|---|---|
r-devel-linux-x86_64-debian-clang | 1.1.2 | 95.42 | 346.00 | 441.42 | NOTE | |
r-devel-linux-x86_64-debian-gcc | 1.1.2 | 88.41 | 240.22 | 328.63 | NOTE | |
r-devel-linux-x86_64-fedora-clang | 1.1.2 | 552.56 | NOTE | |||
r-devel-linux-x86_64-fedora-gcc | 1.1.2 | 594.73 | NOTE | |||
r-devel-windows-x86_64 | 1.1.2 | 78.00 | 261.00 | 339.00 | NOTE | |
r-patched-linux-x86_64 | 1.1.2 | 110.81 | 342.65 | 453.46 | NOTE | |
r-release-linux-x86_64 | 1.1.2 | 102.13 | 331.12 | 433.25 | NOTE | |
r-release-macos-arm64 | 1.1.2 | 211.00 | NOTE | |||
r-release-macos-x86_64 | 1.1.2 | 268.00 | NOTE | |||
r-release-windows-x86_64 | 1.1.2 | 94.00 | 321.00 | 415.00 | NOTE | |
r-oldrel-macos-arm64 | 1.1.2 | 189.00 | NOTE | |||
r-oldrel-windows-x86_64 | 1.1.2 | 91.00 | 345.00 | 436.00 | OK |
Version: 1.1.2
Check: C++ specification
Result: NOTE
Specified C++11: please drop specification unless essential
Flavors: r-devel-linux-x86_64-debian-clang, r-devel-linux-x86_64-debian-gcc, r-devel-linux-x86_64-fedora-clang, r-devel-linux-x86_64-fedora-gcc, r-devel-windows-x86_64, r-patched-linux-x86_64, r-release-linux-x86_64, r-release-macos-arm64, r-release-macos-x86_64, r-release-windows-x86_64
Version: 1.1.2
Check: Rd files
Result: NOTE
checkRd: (-1) VARXFit.Rd:21: Lost braces in \itemize; \value handles \item{}{} directly
checkRd: (-1) VARXFit.Rd:22: Lost braces in \itemize; \value handles \item{}{} directly
checkRd: (-1) VARXFit.Rd:23: Lost braces in \itemize; \value handles \item{}{} directly
checkRd: (-1) VARXFit.Rd:24: Lost braces in \itemize; \value handles \item{}{} directly
checkRd: (-1) VARXFit.Rd:25: Lost braces in \itemize; \value handles \item{}{} directly
checkRd: (-1) VARXFit.Rd:26: Lost braces in \itemize; \value handles \item{}{} directly
checkRd: (-1) VARXLagCons.Rd:25: Lost braces in \itemize; \value handles \item{}{} directly
checkRd: (-1) VARXLagCons.Rd:26: Lost braces in \itemize; \value handles \item{}{} directly
Flavors: r-devel-linux-x86_64-debian-clang, r-devel-linux-x86_64-debian-gcc, r-devel-linux-x86_64-fedora-clang, r-devel-linux-x86_64-fedora-gcc, r-devel-windows-x86_64, r-patched-linux-x86_64
Version: 1.1.2
Check: installed package size
Result: NOTE
installed size is 19.7Mb
sub-directories of 1Mb or more:
doc 1.1Mb
libs 18.1Mb
Flavors: r-release-macos-arm64, r-release-macos-x86_64, r-oldrel-macos-arm64