Last updated on 2023-05-29 08:54:53 CEST.
Flavor | Version | Tinstall | Tcheck | Ttotal | Status | Flags |
---|---|---|---|---|---|---|
r-devel-linux-x86_64-debian-clang | 1.1.2 | 108.19 | 335.13 | 443.32 | NOTE | |
r-devel-linux-x86_64-debian-gcc | 1.1.2 | 78.61 | 247.15 | 325.76 | NOTE | |
r-devel-linux-x86_64-fedora-clang | 1.1.2 | 549.92 | NOTE | |||
r-devel-linux-x86_64-fedora-gcc | 1.1.2 | 610.05 | NOTE | |||
r-devel-windows-x86_64 | 1.1.2 | 71.00 | 270.00 | 341.00 | NOTE | |
r-patched-linux-x86_64 | 1.1.2 | 89.29 | 320.34 | 409.63 | NOTE | |
r-release-linux-x86_64 | 1.1.2 | 85.06 | 327.62 | 412.68 | NOTE | |
r-release-macos-arm64 | 1.1.2 | 211.00 | NOTE | |||
r-release-macos-x86_64 | 1.1.2 | 268.00 | NOTE | |||
r-release-windows-x86_64 | 1.1.2 | 98.00 | 335.00 | 433.00 | NOTE | |
r-oldrel-macos-arm64 | 1.1.2 | 189.00 | NOTE | |||
r-oldrel-macos-x86_64 | 1.1.2 | 176.00 | NOTE | |||
r-oldrel-windows-x86_64 | 1.1.2 | 89.00 | 320.00 | 409.00 | OK |
Version: 1.1.2
Check: C++ specification
Result: NOTE
Specified C++11: please drop specification unless essential
Flavors: r-devel-linux-x86_64-debian-clang, r-devel-linux-x86_64-debian-gcc, r-devel-linux-x86_64-fedora-clang, r-devel-linux-x86_64-fedora-gcc, r-devel-windows-x86_64, r-patched-linux-x86_64, r-release-linux-x86_64, r-release-macos-arm64, r-release-macos-x86_64, r-release-windows-x86_64
Version: 1.1.2
Check: installed package size
Result: NOTE
installed size is 19.7Mb
sub-directories of 1Mb or more:
doc 1.1Mb
libs 18.1Mb
Flavors: r-release-macos-arm64, r-release-macos-x86_64, r-oldrel-macos-arm64, r-oldrel-macos-x86_64