CRAN Package Check Results for Package BeastJar

Last updated on 2025-01-18 19:49:03 CET.

Flavor Version Tinstall Tcheck Ttotal Status Flags
r-devel-linux-x86_64-debian-clang 1.10.6 3.24 32.83 36.07 OK
r-devel-linux-x86_64-debian-gcc 1.10.6 2.40 24.67 27.07 OK
r-devel-linux-x86_64-fedora-clang 1.10.6 57.60 OK
r-devel-linux-x86_64-fedora-gcc 1.10.6 56.68 OK
r-devel-windows-x86_64 1.10.6 5.00 52.00 57.00 OK
r-patched-linux-x86_64 1.10.6 2.99 31.00 33.99 NOTE
r-release-linux-x86_64 1.10.6 3.31 30.97 34.28 NOTE
r-release-macos-arm64 1.10.6 22.00 NOTE
r-release-macos-x86_64 1.10.6 47.00 NOTE
r-release-windows-x86_64 1.10.6 4.00 51.00 55.00 NOTE
r-oldrel-macos-arm64 1.10.6 25.00 NOTE
r-oldrel-macos-x86_64 1.10.6 35.00 NOTE
r-oldrel-windows-x86_64 1.10.6 5.00 56.00 61.00 NOTE

Check Details

Version: 1.10.6
Check: LazyData
Result: NOTE 'LazyData' is specified without a 'data' directory Flavors: r-patched-linux-x86_64, r-release-linux-x86_64, r-release-macos-arm64, r-release-macos-x86_64, r-release-windows-x86_64, r-oldrel-macos-arm64, r-oldrel-macos-x86_64, r-oldrel-windows-x86_64

Version: 1.10.6
Check: installed package size
Result: NOTE installed size is 7.8Mb sub-directories of 1Mb or more: java 7.7Mb Flavors: r-release-macos-arm64, r-release-macos-x86_64, r-release-windows-x86_64, r-oldrel-macos-arm64, r-oldrel-macos-x86_64, r-oldrel-windows-x86_64