CRAN Package Check Results for Package Bayesrel

Last updated on 2023-06-04 08:57:04 CEST.

Flavor Version Tinstall Tcheck Ttotal Status Flags
r-devel-linux-x86_64-debian-clang 0.7.5 108.24 75.51 183.75 NOTE
r-devel-linux-x86_64-debian-gcc 0.7.5 84.62 56.89 141.51 NOTE
r-devel-linux-x86_64-fedora-clang 0.7.5 270.36 NOTE
r-devel-linux-x86_64-fedora-gcc 0.7.5 276.42 NOTE
r-devel-windows-x86_64 0.7.5 87.00 92.00 179.00 NOTE
r-patched-linux-x86_64 0.7.5 96.03 72.12 168.15 NOTE
r-release-linux-x86_64 0.7.5 90.15 72.33 162.48 NOTE
r-release-macos-arm64 0.7.5 68.00 NOTE
r-release-macos-x86_64 0.7.5 117.00 NOTE
r-release-windows-x86_64 0.7.5 110.00 107.00 217.00 NOTE
r-oldrel-macos-arm64 0.7.5 71.00 OK
r-oldrel-macos-x86_64 0.7.5 82.00 OK
r-oldrel-windows-x86_64 0.7.5 109.00 106.00 215.00 OK

Check Details

Version: 0.7.5
Check: C++ specification
Result: NOTE
     Specified C++11: please drop specification unless essential
Flavors: r-devel-linux-x86_64-debian-clang, r-devel-linux-x86_64-debian-gcc, r-devel-linux-x86_64-fedora-clang, r-devel-linux-x86_64-fedora-gcc, r-devel-windows-x86_64, r-patched-linux-x86_64, r-release-linux-x86_64, r-release-macos-arm64, r-release-macos-x86_64, r-release-windows-x86_64