CRAN Package Check Results for Package BayesianMediationA

Last updated on 2023-11-30 07:52:28 CET.

Flavor Version Tinstall Tcheck Ttotal Status Flags
r-devel-linux-x86_64-debian-clang 1.0.1 17.67 172.81 190.48 NOTE
r-devel-linux-x86_64-debian-gcc 1.0.1 13.12 132.27 145.39 NOTE
r-devel-linux-x86_64-fedora-clang 1.0.1 239.09 OK
r-devel-linux-x86_64-fedora-gcc 1.0.1 244.63 OK
r-devel-windows-x86_64 1.0.1 16.00 161.00 177.00 OK
r-patched-linux-x86_64 1.0.1 16.54 167.52 184.06 OK
r-release-linux-x86_64 1.0.1 13.32 168.60 181.92 OK
r-release-macos-arm64 1.0.1 84.00 OK
r-release-macos-x86_64 1.0.1 141.00 OK
r-release-windows-x86_64 1.0.1 22.00 184.00 206.00 OK
r-oldrel-macos-arm64 1.0.1 67.00 OK
r-oldrel-macos-x86_64 1.0.1 102.00 OK
r-oldrel-windows-x86_64 1.0.1 22.00 186.00 208.00 OK

Check Details

Version: 1.0.1
Check: Rd files
Result: NOTE checkRd: (-1) bma.bx.cy.Rd:69: Lost braces 69 | the initial values for parameters in models. For example, inits<-function(){list(alpha=0,beta=0,c=0,var1=0.5,r=1,lamda=0.01)}. | ^ Flavors: r-devel-linux-x86_64-debian-clang, r-devel-linux-x86_64-debian-gcc