Last updated on 2024-04-19 07:56:36 CEST.
Flavor | Version | Tinstall | Tcheck | Ttotal | Status | Flags |
---|---|---|---|---|---|---|
r-devel-linux-x86_64-debian-clang | 0.1.5 | 788.09 | 232.91 | 1021.00 | NOTE | |
r-devel-linux-x86_64-debian-gcc | 0.1.5 | NOTE | ||||
r-devel-linux-x86_64-fedora-clang | 0.1.5 | 1226.70 | NOTE | |||
r-devel-linux-x86_64-fedora-gcc | 0.1.5 | 1661.91 | NOTE | |||
r-prerel-macos-arm64 | 0.1.5 | 313.00 | NOTE | |||
r-prerel-windows-x86_64 | 0.1.5 | 616.00 | 256.00 | 872.00 | NOTE | |
r-patched-linux-x86_64 | 0.1.5 | 617.03 | 286.02 | 903.05 | NOTE | |
r-release-linux-x86_64 | 0.1.5 | 707.33 | 294.94 | 1002.27 | NOTE | |
r-release-macos-arm64 | 0.1.5 | 347.00 | NOTE | |||
r-release-macos-x86_64 | 0.1.5 | 528.00 | NOTE | |||
r-release-windows-x86_64 | 0.1.5 | 743.00 | 305.00 | 1048.00 | NOTE | |
r-oldrel-macos-arm64 | 0.1.5 | 219.00 | NOTE | |||
r-oldrel-windows-x86_64 | 0.1.5 | 727.00 | 286.00 | 1013.00 | NOTE |
Version: 0.1.5
Check: for GNU extensions in Makefiles
Result: NOTE
GNU make is a SystemRequirements.
Flavors: r-devel-linux-x86_64-debian-clang, r-devel-linux-x86_64-debian-gcc, r-devel-linux-x86_64-fedora-clang, r-devel-linux-x86_64-fedora-gcc, r-prerel-macos-arm64, r-prerel-windows-x86_64, r-patched-linux-x86_64, r-release-linux-x86_64, r-release-macos-arm64, r-release-macos-x86_64, r-release-windows-x86_64, r-oldrel-macos-arm64, r-oldrel-windows-x86_64
Version: 0.1.5
Check: installed package size
Result: NOTE
installed size is 6.7Mb
sub-directories of 1Mb or more:
libs 6.3Mb
Flavors: r-devel-linux-x86_64-fedora-clang, r-prerel-macos-arm64, r-prerel-windows-x86_64, r-release-macos-arm64, r-release-macos-x86_64, r-release-windows-x86_64, r-oldrel-macos-arm64, r-oldrel-windows-x86_64
Version: 0.1.5
Check: dependencies in R code
Result: NOTE
Namespaces in Imports field not imported from:
‘RcppParallel’ ‘rstantools’
All declared Imports should be used.
Flavors: r-devel-linux-x86_64-fedora-clang, r-devel-linux-x86_64-fedora-gcc, r-oldrel-macos-arm64