Last updated on 2024-03-28 07:52:44 CET.
Flavor | Version | Tinstall | Tcheck | Ttotal | Status | Flags |
---|---|---|---|---|---|---|
r-devel-linux-x86_64-debian-clang | 2.1-6 | 246.87 | 106.89 | 353.76 | OK | |
r-devel-linux-x86_64-debian-gcc | 2.1-6 | 179.98 | 79.18 | 259.16 | OK | |
r-devel-linux-x86_64-fedora-clang | 2.1-6 | 454.75 | NOTE | |||
r-devel-linux-x86_64-fedora-gcc | 2.1-6 | 508.63 | OK | |||
r-devel-windows-x86_64 | 2.1-6 | 166.00 | 124.00 | 290.00 | NOTE | |
r-patched-linux-x86_64 | 2.1-6 | 237.35 | 102.38 | 339.73 | OK | |
r-release-linux-x86_64 | 2.1-6 | 228.08 | 103.76 | 331.84 | OK | |
r-release-macos-arm64 | 2.1-6 | 107.00 | NOTE | |||
r-release-macos-x86_64 | 2.1-6 | 158.00 | NOTE | |||
r-release-windows-x86_64 | 2.1-6 | 209.00 | 148.00 | 357.00 | NOTE | |
r-oldrel-macos-arm64 | 2.1-6 | 105.00 | NOTE | |||
r-oldrel-windows-x86_64 | 2.1-6 | 200.00 | 136.00 | 336.00 | NOTE |
Version: 2.1-6
Check: installed package size
Result: NOTE
installed size is 5.4Mb
sub-directories of 1Mb or more:
data 1.5Mb
doc 1.4Mb
libs 1.6Mb
Flavors: r-devel-linux-x86_64-fedora-clang, r-devel-windows-x86_64, r-release-macos-arm64, r-release-macos-x86_64, r-release-windows-x86_64, r-oldrel-macos-arm64, r-oldrel-windows-x86_64