Last updated on 2023-05-29 08:54:53 CEST.
Flavor | Version | Tinstall | Tcheck | Ttotal | Status | Flags |
---|---|---|---|---|---|---|
r-devel-linux-x86_64-debian-clang | 2.2 | 138.61 | 187.29 | 325.90 | NOTE | |
r-devel-linux-x86_64-debian-gcc | 2.2 | 112.31 | 133.81 | 246.12 | NOTE | |
r-devel-linux-x86_64-fedora-clang | 2.2 | 438.28 | NOTE | |||
r-devel-linux-x86_64-fedora-gcc | 2.2 | 463.37 | NOTE | |||
r-devel-windows-x86_64 | 2.2 | 104.00 | 185.00 | 289.00 | NOTE | |
r-patched-linux-x86_64 | 2.2 | 121.29 | 166.12 | 287.41 | NOTE | |
r-release-linux-x86_64 | 2.2 | 119.55 | 168.13 | 287.68 | NOTE | |
r-release-macos-arm64 | 2.2 | 151.00 | NOTE | |||
r-release-macos-x86_64 | 2.2 | 235.00 | NOTE | |||
r-release-windows-x86_64 | 2.2 | 138.00 | 216.00 | 354.00 | NOTE | |
r-oldrel-macos-arm64 | 2.2 | 147.00 | NOTE | |||
r-oldrel-macos-x86_64 | 2.2 | 164.00 | NOTE | |||
r-oldrel-windows-x86_64 | 2.2 | 133.00 | 209.00 | 342.00 | OK |
Version: 2.2
Check: C++ specification
Result: NOTE
Specified C++11: please drop specification unless essential
Flavors: r-devel-linux-x86_64-debian-clang, r-devel-linux-x86_64-debian-gcc, r-devel-linux-x86_64-fedora-clang, r-devel-linux-x86_64-fedora-gcc, r-devel-windows-x86_64, r-patched-linux-x86_64, r-release-linux-x86_64, r-release-macos-arm64, r-release-macos-x86_64, r-release-windows-x86_64
Version: 2.2
Check: installed package size
Result: NOTE
installed size is 8.4Mb
sub-directories of 1Mb or more:
libs 7.9Mb
Flavors: r-release-macos-arm64, r-release-macos-x86_64, r-oldrel-macos-arm64, r-oldrel-macos-x86_64