Last updated on 2024-04-23 19:50:39 CEST.
Flavor | Version | Tinstall | Tcheck | Ttotal | Status | Flags |
---|---|---|---|---|---|---|
r-devel-linux-x86_64-debian-clang | 1.0 | 43.33 | 34.33 | 77.66 | OK | |
r-devel-linux-x86_64-debian-gcc | 1.0 | 27.00 | 26.88 | 53.88 | OK | |
r-devel-linux-x86_64-fedora-clang | 1.0 | 96.62 | OK | |||
r-devel-linux-x86_64-fedora-gcc | 1.0 | 97.30 | OK | |||
r-prerel-macos-arm64 | 1.0 | 28.00 | NOTE | |||
r-prerel-windows-x86_64 | 1.0 | 31.00 | 62.00 | 93.00 | OK | |
r-patched-linux-x86_64 | 1.0 | 36.13 | 32.60 | 68.73 | OK | |
r-release-linux-x86_64 | 1.0 | 39.05 | 34.32 | 73.37 | OK | |
r-release-macos-arm64 | 1.0 | 32.00 | NOTE | |||
r-release-macos-x86_64 | 1.0 | 46.00 | NOTE | |||
r-release-windows-x86_64 | 1.0 | 36.00 | 75.00 | 111.00 | OK | |
r-oldrel-macos-arm64 | 1.0 | 30.00 | NOTE | |||
r-oldrel-windows-x86_64 | 1.0 | 32.00 | 71.00 | 103.00 | OK |
Version: 1.0
Check: installed package size
Result: NOTE
installed size is 8.8Mb
sub-directories of 1Mb or more:
libs 8.7Mb
Flavors: r-prerel-macos-arm64, r-release-macos-arm64, r-release-macos-x86_64, r-oldrel-macos-arm64