Last updated on 2024-04-19 07:56:36 CEST.
Flavor | Version | Tinstall | Tcheck | Ttotal | Status | Flags |
---|---|---|---|---|---|---|
r-devel-linux-x86_64-debian-clang | 1.1.2 | 128.12 | 306.88 | 435.00 | OK | |
r-devel-linux-x86_64-debian-gcc | 1.1.2 | OK | ||||
r-devel-linux-x86_64-fedora-clang | 1.1.2 | 569.83 | OK | |||
r-devel-linux-x86_64-fedora-gcc | 1.1.2 | 609.12 | OK | |||
r-prerel-macos-arm64 | 1.1.2 | 143.00 | NOTE | |||
r-prerel-windows-x86_64 | 1.1.2 | 97.00 | 526.00 | 623.00 | OK | |
r-patched-linux-x86_64 | 1.1.2 | 127.49 | 312.18 | 439.67 | OK | |
r-release-linux-x86_64 | 1.1.2 | 136.02 | 310.70 | 446.72 | OK | |
r-release-macos-arm64 | 1.1.2 | 145.00 | NOTE | |||
r-release-macos-x86_64 | 1.1.2 | 329.00 | NOTE | |||
r-release-windows-x86_64 | 1.1.2 | 124.00 | 545.00 | 669.00 | OK | |
r-oldrel-macos-arm64 | 1.1.2 | 134.00 | NOTE | |||
r-oldrel-windows-x86_64 | 1.1.2 | 121.00 | 539.00 | 660.00 | OK |
Version: 1.1.2
Check: installed package size
Result: NOTE
installed size is 13.0Mb
sub-directories of 1Mb or more:
libs 12.7Mb
Flavors: r-prerel-macos-arm64, r-release-macos-arm64, r-release-macos-x86_64, r-oldrel-macos-arm64