Last updated on 2023-05-29 08:54:53 CEST.
Flavor | Version | Tinstall | Tcheck | Ttotal | Status | Flags |
---|---|---|---|---|---|---|
r-devel-linux-x86_64-debian-clang | 1.1.1 | 127.73 | 320.71 | 448.44 | OK | |
r-devel-linux-x86_64-debian-gcc | 1.1.1 | 108.24 | 202.51 | 310.75 | OK | |
r-devel-linux-x86_64-fedora-clang | 1.1.1 | 562.57 | OK | |||
r-devel-linux-x86_64-fedora-gcc | 1.1.1 | 627.66 | OK | |||
r-devel-windows-x86_64 | 1.1.1 | 95.00 | 545.00 | 640.00 | OK | |
r-patched-linux-x86_64 | 1.1.1 | 120.25 | 319.71 | 439.96 | OK | |
r-release-linux-x86_64 | 1.1.1 | 115.55 | 319.19 | 434.74 | OK | |
r-release-macos-arm64 | 1.1.1 | 150.00 | NOTE | |||
r-release-macos-x86_64 | 1.1.0 | 261.00 | NOTE | |||
r-release-windows-x86_64 | 1.1.1 | 123.00 | 577.00 | 700.00 | OK | |
r-oldrel-macos-arm64 | 1.1.1 | 146.00 | NOTE | |||
r-oldrel-macos-x86_64 | 1.1.1 | 181.00 | NOTE | |||
r-oldrel-windows-x86_64 | 1.1.1 | 112.00 | 544.00 | 656.00 | OK |
Version: 1.1.1
Check: installed package size
Result: NOTE
installed size is 13.8Mb
sub-directories of 1Mb or more:
libs 13.5Mb
Flavors: r-release-macos-arm64, r-oldrel-macos-arm64, r-oldrel-macos-x86_64
Version: 1.1.0
Check: C++ specification
Result: NOTE
Specified C++11: please drop specification unless essential
Flavor: r-release-macos-x86_64
Version: 1.1.0
Check: installed package size
Result: NOTE
installed size is 13.0Mb
sub-directories of 1Mb or more:
libs 12.7Mb
Flavor: r-release-macos-x86_64