Last updated on 2024-04-23 07:50:55 CEST.
Flavor | Version | Tinstall | Tcheck | Ttotal | Status | Flags |
---|---|---|---|---|---|---|
r-devel-linux-x86_64-debian-clang | 0.0.3 | 182.09 | 63.89 | 245.98 | NOTE | |
r-devel-linux-x86_64-debian-gcc | 0.0.3 | 143.01 | 47.02 | 190.03 | NOTE | |
r-devel-linux-x86_64-fedora-clang | 0.0.3 | 358.66 | NOTE | |||
r-devel-linux-x86_64-fedora-gcc | 0.0.3 | 370.52 | NOTE | |||
r-prerel-macos-arm64 | 0.0.3 | 80.00 | NOTE | |||
r-prerel-windows-x86_64 | 0.0.3 | 135.00 | 95.00 | 230.00 | NOTE | |
r-patched-linux-x86_64 | 0.0.3 | 169.16 | 60.90 | 230.06 | NOTE | |
r-release-linux-x86_64 | 0.0.3 | 191.63 | 58.39 | 250.02 | OK | |
r-release-macos-arm64 | 0.0.3 | 116.00 | NOTE | |||
r-release-macos-x86_64 | 0.0.3 | 105.00 | NOTE | |||
r-release-windows-x86_64 | 0.0.3 | 173.00 | 107.00 | 280.00 | OK | |
r-oldrel-macos-arm64 | 0.0.3 | 77.00 | NOTE | |||
r-oldrel-windows-x86_64 | 0.0.3 | 165.00 | 100.00 | 265.00 | OK |
Version: 0.0.3
Check: Rd files
Result: NOTE
checkRd: (-1) GroupSingleVoxelFETS.Rd:53: Lost braces
53 | online trajectories related to the state parameter, the simulated BOLD responses, \mjseqn{\hat{Y}}{ascii}.
| ^
Flavors: r-devel-linux-x86_64-debian-clang, r-devel-linux-x86_64-debian-gcc, r-devel-linux-x86_64-fedora-clang, r-devel-linux-x86_64-fedora-gcc, r-prerel-macos-arm64, r-prerel-windows-x86_64, r-patched-linux-x86_64
Version: 0.0.3
Check: installed package size
Result: NOTE
installed size is 7.8Mb
sub-directories of 1Mb or more:
data 1.2Mb
libs 6.2Mb
Flavors: r-prerel-macos-arm64, r-release-macos-arm64, r-release-macos-x86_64, r-oldrel-macos-arm64