Last updated on 2024-03-29 07:54:38 CET.
Flavor | Version | Tinstall | Tcheck | Ttotal | Status | Flags |
---|---|---|---|---|---|---|
r-devel-linux-x86_64-debian-clang | 2.6.4 | 6.30 | 66.43 | 72.73 | OK | |
r-devel-linux-x86_64-debian-gcc | 2.6.4 | 4.41 | 49.86 | 54.27 | OK | |
r-devel-linux-x86_64-fedora-clang | 2.6.4 | 91.53 | OK | |||
r-devel-linux-x86_64-fedora-gcc | 2.6.4 | 103.93 | OK | |||
r-devel-windows-x86_64 | 2.6.4 | 7.00 | 70.00 | 77.00 | WARN | |
r-patched-linux-x86_64 | 2.6.4 | 5.52 | 63.39 | 68.91 | OK | |
r-release-linux-x86_64 | 2.6.4 | 6.37 | 62.83 | 69.20 | OK | |
r-release-macos-arm64 | 2.6.4 | 38.00 | OK | |||
r-release-macos-x86_64 | 2.6.4 | 52.00 | OK | |||
r-release-windows-x86_64 | 2.6.4 | 8.00 | 78.00 | 86.00 | OK | |
r-oldrel-macos-arm64 | 2.6.4 | 33.00 | OK | |||
r-oldrel-windows-x86_64 | 2.6.4 | 9.00 | 79.00 | 88.00 | OK |
Version: 2.6.4
Check: whether package can be installed
Result: WARN
Found the following significant warnings:
Warning: package 'dplyr' was built under R version 4.5.0
Flavor: r-devel-windows-x86_64