Last updated on 2023-12-04 07:50:49 CET.
Flavor | Version | Tinstall | Tcheck | Ttotal | Status | Flags |
---|---|---|---|---|---|---|
r-devel-linux-x86_64-debian-clang | 1.0.4 | 7.37 | 208.04 | 215.41 | OK | |
r-devel-linux-x86_64-debian-gcc | 1.0.4 | 5.08 | 158.69 | 163.77 | OK | |
r-devel-linux-x86_64-fedora-clang | 1.0.4 | 260.13 | OK | |||
r-devel-linux-x86_64-fedora-gcc | 1.0.4 | 288.11 | OK | |||
r-devel-windows-x86_64 | 1.0.4 | 6.00 | 189.00 | 195.00 | OK | |
r-patched-linux-x86_64 | 1.0.4 | 8.10 | 210.14 | 218.24 | OK | |
r-release-linux-x86_64 | 1.0.4 | 6.90 | 208.98 | 215.88 | OK | |
r-release-macos-arm64 | 1.0.4 | 122.00 | OK | |||
r-release-macos-x86_64 | 1.0.4 | 264.00 | NOTE | |||
r-release-windows-x86_64 | 1.0.4 | 7.00 | 234.00 | 241.00 | OK | |
r-oldrel-macos-arm64 | 1.0.4 | 115.00 | OK | |||
r-oldrel-macos-x86_64 | 1.0.4 | 210.00 | OK | |||
r-oldrel-windows-x86_64 | 1.0.4 | 9.00 | 226.00 | 235.00 | OK |
Version: 1.0.4
Check: package dependencies
Result: NOTE
Package suggested but not available for checking: ‘vars’
Flavor: r-release-macos-x86_64