Last updated on 2024-04-18 20:55:28 CEST.
Flavor | Version | Tinstall | Tcheck | Ttotal | Status | Flags |
---|---|---|---|---|---|---|
r-devel-linux-x86_64-debian-clang | 1.0.5 | 52.08 | 171.07 | 223.15 | NOTE | |
r-devel-linux-x86_64-debian-gcc | 1.0.5 | 39.09 | 123.90 | 162.99 | NOTE | |
r-devel-linux-x86_64-fedora-clang | 1.0.5 | 280.59 | NOTE | |||
r-devel-linux-x86_64-fedora-gcc | 1.0.5 | 289.12 | NOTE | |||
r-prerel-macos-arm64 | 1.0.5 | 87.00 | NOTE | |||
r-prerel-windows-x86_64 | 1.0.5 | 43.00 | 164.00 | 207.00 | NOTE | |
r-patched-linux-x86_64 | 1.0.5 | 47.60 | 157.02 | 204.62 | NOTE | |
r-release-linux-x86_64 | 1.0.5 | 49.03 | 160.08 | 209.11 | NOTE | |
r-release-macos-arm64 | 1.0.5 | 91.00 | NOTE | |||
r-release-macos-x86_64 | 1.0.5 | 141.00 | NOTE | |||
r-release-windows-x86_64 | 1.0.5 | 53.00 | 179.00 | 232.00 | NOTE | |
r-oldrel-macos-arm64 | 1.0.5 | 73.00 | NOTE | |||
r-oldrel-windows-x86_64 | 1.0.5 | 52.00 | 174.00 | 226.00 | NOTE |
Version: 1.0.5
Check: C++ specification
Result: NOTE
Specified C++11: please drop specification unless essential
Flavors: r-devel-linux-x86_64-debian-clang, r-devel-linux-x86_64-debian-gcc, r-devel-linux-x86_64-fedora-clang, r-devel-linux-x86_64-fedora-gcc, r-prerel-macos-arm64, r-prerel-windows-x86_64, r-patched-linux-x86_64, r-release-linux-x86_64, r-release-macos-arm64, r-release-macos-x86_64, r-release-windows-x86_64
Version: 1.0.5
Check: for GNU extensions in Makefiles
Result: NOTE
GNU make is a SystemRequirements.
Flavors: r-devel-linux-x86_64-debian-clang, r-devel-linux-x86_64-debian-gcc, r-devel-linux-x86_64-fedora-clang, r-devel-linux-x86_64-fedora-gcc, r-prerel-macos-arm64, r-prerel-windows-x86_64, r-patched-linux-x86_64, r-release-linux-x86_64, r-release-macos-arm64, r-release-macos-x86_64, r-release-windows-x86_64, r-oldrel-macos-arm64, r-oldrel-windows-x86_64