Last updated on 2023-05-29 08:54:54 CEST.
Flavor | Version | Tinstall | Tcheck | Ttotal | Status | Flags |
---|---|---|---|---|---|---|
r-devel-linux-x86_64-debian-clang | 3.2.5 | 55.10 | 140.18 | 195.28 | OK | |
r-devel-linux-x86_64-debian-gcc | 3.2.5 | 38.64 | 105.23 | 143.87 | OK | |
r-devel-linux-x86_64-fedora-clang | 3.2.5 | 254.48 | OK | |||
r-devel-linux-x86_64-fedora-gcc | 3.2.5 | 275.71 | OK | |||
r-devel-windows-x86_64 | 3.2.5 | 48.00 | 147.00 | 195.00 | NOTE | |
r-patched-linux-x86_64 | 3.2.5 | 48.49 | 130.37 | 178.86 | OK | |
r-release-linux-x86_64 | 3.2.5 | 46.03 | 130.77 | 176.80 | OK | |
r-release-macos-arm64 | 3.2.5 | 70.00 | OK | |||
r-release-macos-x86_64 | 3.2.5 | 117.00 | OK | |||
r-release-windows-x86_64 | 3.2.5 | 61.00 | 185.00 | 246.00 | NOTE | |
r-oldrel-macos-arm64 | 3.2.5 | 66.00 | OK | |||
r-oldrel-macos-x86_64 | 3.2.5 | 92.00 | OK | |||
r-oldrel-windows-x86_64 | 3.2.5 | 61.00 | 156.00 | 217.00 | OK |
Version: 3.2.5
Check: C++ specification
Result: NOTE
Specified C++11: please drop specification unless essential
Flavors: r-devel-windows-x86_64, r-release-windows-x86_64