Last updated on 2024-04-19 07:56:36 CEST.
Flavor | Version | Tinstall | Tcheck | Ttotal | Status | Flags |
---|---|---|---|---|---|---|
r-devel-linux-x86_64-debian-clang | 3.2.5 | 57.43 | 137.88 | 195.31 | OK | |
r-devel-linux-x86_64-debian-gcc | 3.2.5 | OK | ||||
r-devel-linux-x86_64-fedora-clang | 3.2.5 | 255.71 | OK | |||
r-devel-linux-x86_64-fedora-gcc | 3.2.5 | 246.06 | OK | |||
r-prerel-macos-arm64 | 3.2.5 | 68.00 | OK | |||
r-prerel-windows-x86_64 | 3.2.5 | 48.00 | 161.00 | 209.00 | NOTE | |
r-patched-linux-x86_64 | 3.2.5 | 54.76 | 127.29 | 182.05 | OK | |
r-release-linux-x86_64 | 3.2.5 | 51.48 | 131.00 | 182.48 | OK | |
r-release-macos-arm64 | 3.2.5 | 70.00 | OK | |||
r-release-macos-x86_64 | 3.2.5 | 117.00 | OK | |||
r-release-windows-x86_64 | 3.2.5 | 61.00 | 173.00 | 234.00 | NOTE | |
r-oldrel-macos-arm64 | 3.2.5 | 66.00 | OK | |||
r-oldrel-windows-x86_64 | 3.2.5 | 62.00 | 153.00 | 215.00 | OK |
Version: 3.2.5
Check: C++ specification
Result: NOTE
Specified C++11: please drop specification unless essential
Flavors: r-prerel-windows-x86_64, r-release-windows-x86_64