Last updated on 2024-04-17 19:58:32 CEST.
Flavor | Version | Tinstall | Tcheck | Ttotal | Status | Flags |
---|---|---|---|---|---|---|
r-devel-linux-x86_64-debian-clang | 0.3.3 | 19.00 | 139.85 | 158.85 | NOTE | |
r-devel-linux-x86_64-debian-gcc | 0.3.3 | 12.06 | 102.80 | 114.86 | NOTE | |
r-devel-linux-x86_64-fedora-clang | 0.3.3 | 193.04 | NOTE | |||
r-devel-linux-x86_64-fedora-gcc | 0.3.3 | 213.99 | NOTE | |||
r-prerel-macos-arm64 | 0.3.3 | 60.00 | NOTE | |||
r-prerel-windows-x86_64 | 0.3.3 | 15.00 | 112.00 | 127.00 | NOTE | |
r-patched-linux-x86_64 | 0.3.3 | 16.82 | 129.94 | 146.76 | NOTE | |
r-release-linux-x86_64 | 0.3.3 | 14.57 | 131.70 | 146.27 | NOTE | |
r-release-macos-arm64 | 0.3.3 | 57.00 | NOTE | |||
r-release-macos-x86_64 | 0.3.3 | 90.00 | NOTE | |||
r-release-windows-x86_64 | 0.3.3 | 18.00 | 135.00 | 153.00 | NOTE | |
r-oldrel-macos-arm64 | 0.3.3 | 51.00 | NOTE | |||
r-oldrel-windows-x86_64 | 0.3.3 | 21.00 | 129.00 | 150.00 | OK |
Version: 0.3.3
Check: Rd files
Result: NOTE
checkRd: (-1) posteriorFeasibility.Rd:25: Escaped LaTeX specials: \#
checkRd: (-1) sp500Returns.Rd:4: Escaped LaTeX specials: \&
Flavors: r-devel-linux-x86_64-debian-clang, r-devel-linux-x86_64-debian-gcc, r-devel-linux-x86_64-fedora-clang, r-devel-linux-x86_64-fedora-gcc, r-prerel-macos-arm64, r-prerel-windows-x86_64, r-patched-linux-x86_64, r-release-linux-x86_64, r-release-macos-arm64, r-release-macos-x86_64, r-release-windows-x86_64
Version: 0.3.3
Check: dependencies in R code
Result: NOTE
Namespaces in Imports field not imported from:
‘knitr’ ‘rmarkdown’
All declared Imports should be used.
Flavors: r-devel-linux-x86_64-fedora-clang, r-devel-linux-x86_64-fedora-gcc, r-oldrel-macos-arm64