CRAN Package Check Results for Package BLCOP

Last updated on 2023-06-07 20:04:35 CEST.

Flavor Version Tinstall Tcheck Ttotal Status Flags
r-devel-linux-x86_64-debian-clang 0.3.3 15.81 123.71 139.52 NOTE
r-devel-linux-x86_64-debian-gcc 0.3.3 12.09 95.61 107.70 NOTE
r-devel-linux-x86_64-fedora-clang 0.3.3 175.29 NOTE
r-devel-linux-x86_64-fedora-gcc 0.3.3 184.67 NOTE
r-devel-windows-x86_64 0.3.3 14.00 109.00 123.00 NOTE
r-patched-linux-x86_64 0.3.3 9.28 120.64 129.92 NOTE
r-release-linux-x86_64 0.3.3 9.61 119.54 129.15 NOTE
r-release-macos-arm64 0.3.3 57.00 NOTE
r-release-macos-x86_64 0.3.3 90.00 NOTE
r-release-windows-x86_64 0.3.3 18.00 128.00 146.00 NOTE
r-oldrel-macos-arm64 0.3.3 51.00 NOTE
r-oldrel-macos-x86_64 0.3.3 76.00 NOTE
r-oldrel-windows-x86_64 0.3.3 19.00 130.00 149.00 OK

Check Details

Version: 0.3.3
Check: Rd files
Result: NOTE
    checkRd: (-1) posteriorFeasibility.Rd:25: Escaped LaTeX specials: \#
    checkRd: (-1) sp500Returns.Rd:4: Escaped LaTeX specials: \&
Flavors: r-devel-linux-x86_64-debian-clang, r-devel-linux-x86_64-debian-gcc, r-devel-linux-x86_64-fedora-clang, r-devel-linux-x86_64-fedora-gcc, r-devel-windows-x86_64, r-patched-linux-x86_64, r-release-linux-x86_64, r-release-macos-arm64, r-release-macos-x86_64, r-release-windows-x86_64

Version: 0.3.3
Check: dependencies in R code
Result: NOTE
    Namespaces in Imports field not imported from:
     ‘knitr’ ‘rmarkdown’
     All declared Imports should be used.
Flavors: r-devel-linux-x86_64-fedora-clang, r-devel-linux-x86_64-fedora-gcc, r-oldrel-macos-arm64, r-oldrel-macos-x86_64