Last updated on 2023-06-04 08:57:04 CEST.
Flavor | Version | Tinstall | Tcheck | Ttotal | Status | Flags |
---|---|---|---|---|---|---|
r-devel-linux-x86_64-debian-clang | 2.5.2 | 133.45 | 307.07 | 440.52 | NOTE | |
r-devel-linux-x86_64-debian-gcc | 2.5.2 | 108.16 | 226.22 | 334.38 | NOTE | |
r-devel-linux-x86_64-fedora-clang | 2.5.2 | 569.08 | NOTE | |||
r-devel-linux-x86_64-fedora-gcc | 2.5.2 | 639.67 | NOTE | |||
r-devel-windows-x86_64 | 2.5.2 | 98.00 | 254.00 | 352.00 | NOTE | |
r-patched-linux-x86_64 | 2.5.2 | 96.33 | 294.35 | 390.68 | NOTE | |
r-release-linux-x86_64 | 2.5.2 | 111.87 | 292.94 | 404.81 | NOTE | |
r-release-macos-arm64 | 2.5.2 | 156.00 | NOTE | |||
r-release-macos-x86_64 | 2.5.2 | 268.00 | NOTE | |||
r-release-windows-x86_64 | 2.5.2 | 128.00 | 319.00 | 447.00 | NOTE | |
r-oldrel-macos-arm64 | 2.5.2 | 139.00 | NOTE | |||
r-oldrel-macos-x86_64 | 2.5.2 | 179.00 | NOTE | |||
r-oldrel-windows-x86_64 | 2.5.2 | 121.00 | 316.00 | 437.00 | NOTE |
Version: 2.5.2
Check: C++ specification
Result: NOTE
Specified C++11: please drop specification unless essential
Flavors: r-devel-linux-x86_64-debian-clang, r-devel-linux-x86_64-debian-gcc, r-devel-linux-x86_64-fedora-clang, r-devel-linux-x86_64-fedora-gcc, r-devel-windows-x86_64, r-patched-linux-x86_64, r-release-linux-x86_64, r-release-macos-arm64, r-release-macos-x86_64, r-release-windows-x86_64
Version: 2.5.2
Check: for GNU extensions in Makefiles
Result: NOTE
GNU make is a SystemRequirements.
Flavors: r-devel-linux-x86_64-debian-clang, r-devel-linux-x86_64-debian-gcc, r-devel-linux-x86_64-fedora-clang, r-devel-linux-x86_64-fedora-gcc, r-devel-windows-x86_64, r-patched-linux-x86_64, r-release-linux-x86_64, r-release-macos-arm64, r-release-macos-x86_64, r-release-windows-x86_64, r-oldrel-macos-arm64, r-oldrel-macos-x86_64, r-oldrel-windows-x86_64
Version: 2.5.2
Check: data for non-ASCII characters
Result: NOTE
Note: found 582 marked UTF-8 strings
Flavors: r-devel-linux-x86_64-fedora-clang, r-devel-linux-x86_64-fedora-gcc, r-oldrel-macos-arm64, r-oldrel-macos-x86_64
Version: 2.5.2
Check: installed package size
Result: NOTE
installed size is 5.6Mb
sub-directories of 1Mb or more:
doc 2.9Mb
libs 1.3Mb
Flavors: r-devel-windows-x86_64, r-release-macos-arm64, r-release-macos-x86_64, r-release-windows-x86_64, r-oldrel-macos-arm64, r-oldrel-macos-x86_64, r-oldrel-windows-x86_64