Last updated on 2024-04-24 07:57:34 CEST.
Flavor | Version | Tinstall | Tcheck | Ttotal | Status | Flags |
---|---|---|---|---|---|---|
r-devel-linux-x86_64-debian-clang | 2.5.5 | 128.56 | 343.98 | 472.54 | NOTE | |
r-devel-linux-x86_64-debian-gcc | 2.5.5 | 103.48 | 241.53 | 345.01 | NOTE | |
r-devel-linux-x86_64-fedora-clang | 2.5.5 | 615.96 | NOTE | |||
r-devel-linux-x86_64-fedora-gcc | 2.5.5 | 623.40 | NOTE | |||
r-prerel-macos-arm64 | 2.5.5 | 152.00 | NOTE | |||
r-prerel-windows-x86_64 | 2.5.5 | 106.00 | 276.00 | 382.00 | NOTE | |
r-patched-linux-x86_64 | 2.5.5 | 129.08 | 318.81 | 447.89 | NOTE | |
r-release-linux-x86_64 | 2.5.5 | 129.46 | 321.00 | 450.46 | NOTE | |
r-release-macos-arm64 | 2.5.5 | 159.00 | NOTE | |||
r-release-macos-x86_64 | 2.5.5 | 246.00 | NOTE | |||
r-release-windows-x86_64 | 2.5.5 | 131.00 | 323.00 | 454.00 | NOTE | |
r-oldrel-macos-arm64 | 2.5.5 | 139.00 | NOTE | |||
r-oldrel-windows-x86_64 | 2.5.5 | 123.00 | 318.00 | 441.00 | NOTE |
Version: 2.5.5
Check: for GNU extensions in Makefiles
Result: NOTE
GNU make is a SystemRequirements.
Flavors: r-devel-linux-x86_64-debian-clang, r-devel-linux-x86_64-debian-gcc, r-devel-linux-x86_64-fedora-clang, r-devel-linux-x86_64-fedora-gcc, r-prerel-macos-arm64, r-prerel-windows-x86_64, r-patched-linux-x86_64, r-release-linux-x86_64, r-release-macos-arm64, r-release-macos-x86_64, r-release-windows-x86_64, r-oldrel-macos-arm64, r-oldrel-windows-x86_64
Version: 2.5.5
Check: data for non-ASCII characters
Result: NOTE
Note: found 582 marked UTF-8 strings
Flavors: r-devel-linux-x86_64-fedora-clang, r-devel-linux-x86_64-fedora-gcc
Version: 2.5.5
Check: installed package size
Result: NOTE
installed size is 10.3Mb
sub-directories of 1Mb or more:
doc 2.8Mb
libs 6.0Mb
Flavors: r-prerel-macos-arm64, r-prerel-windows-x86_64, r-release-macos-arm64, r-release-macos-x86_64, r-release-windows-x86_64, r-oldrel-macos-arm64, r-oldrel-windows-x86_64