CRAN Package Check Results for Package BGGM

Last updated on 2024-06-24 19:55:13 CEST.

Flavor Version Tinstall Tcheck Ttotal Status Flags
r-devel-linux-x86_64-debian-clang 2.1.1 95.87 323.89 419.76 OK
r-devel-linux-x86_64-debian-gcc 2.1.2 75.74 234.52 310.26 OK
r-devel-linux-x86_64-fedora-clang 2.1.2 532.48 NOTE
r-devel-linux-x86_64-fedora-gcc 2.1.2 561.82 OK
r-devel-windows-x86_64 2.1.2 63.00 243.00 306.00 NOTE
r-patched-linux-x86_64 2.1.1 89.18 295.79 384.97 OK
r-release-linux-x86_64 2.1.2 92.85 309.44 402.29 OK
r-release-macos-arm64 2.1.2 96.00 NOTE
r-release-macos-x86_64 2.1.2 169.00 NOTE
r-release-windows-x86_64 2.1.2 70.00 301.00 371.00 NOTE
r-oldrel-macos-arm64 2.1.2 164.00 NOTE
r-oldrel-macos-x86_64 2.1.2 327.00 NOTE
r-oldrel-windows-x86_64 2.1.2 99.00 346.00 445.00 ERROR

Check Details

Version: 2.1.2
Check: installed package size
Result: NOTE installed size is 6.2Mb sub-directories of 1Mb or more: doc 3.4Mb help 1.1Mb Flavors: r-devel-linux-x86_64-fedora-clang, r-devel-windows-x86_64, r-release-macos-arm64, r-release-macos-x86_64, r-release-windows-x86_64, r-oldrel-macos-arm64, r-oldrel-macos-x86_64, r-oldrel-windows-x86_64

Version: 2.1.2
Check: re-building of vignette outputs
Result: ERROR Error(s) in re-building vignettes: --- re-building 'control.Rmd' using rmarkdown Error reading bibliography file ../inst/REFERENCES.bib: (line 59, column 1): unexpected '%' expecting white space Error: processing vignette 'control.Rmd' failed with diagnostics: pandoc document conversion failed with error 25 --- failed re-building 'control.Rmd' --- re-building 'hyp_3_ways.Rmd' using rmarkdown Error reading bibliography file ../inst/REFERENCES.bib: (line 59, column 1): unexpected '%' expecting white space Error: processing vignette 'hyp_3_ways.Rmd' failed with diagnostics: pandoc document conversion failed with error 25 --- failed re-building 'hyp_3_ways.Rmd' --- re-building 'in_tandem.Rmd' using rmarkdown Error reading bibliography file ../inst/REFERENCES.bib: (line 59, column 1): unexpected '%' expecting white space Error: processing vignette 'in_tandem.Rmd' failed with diagnostics: pandoc document conversion failed with error 25 --- failed re-building 'in_tandem.Rmd' --- re-building 'installation.Rmd' using rmarkdown Error reading bibliography file ../inst/REFERENCES.bib: (line 59, column 1): unexpected '%' expecting white space Error: processing vignette 'installation.Rmd' failed with diagnostics: pandoc document conversion failed with error 25 --- failed re-building 'installation.Rmd' --- re-building 'mcmc_diagnostics.Rmd' using rmarkdown Error reading bibliography file ../inst/REFERENCES.bib: (line 59, column 1): unexpected '%' expecting white space Error: processing vignette 'mcmc_diagnostics.Rmd' failed with diagnostics: pandoc document conversion failed with error 25 --- failed re-building 'mcmc_diagnostics.Rmd' --- re-building 'netplot.Rmd' using rmarkdown Error reading bibliography file ../inst/REFERENCES.bib: (line 59, column 1): unexpected '%' expecting white space Error: processing vignette 'netplot.Rmd' failed with diagnostics: pandoc document conversion failed with error 25 --- failed re-building 'netplot.Rmd' --- re-building 'netstat_custom.Rmd' using rmarkdown Error reading bibliography file ../inst/REFERENCES.bib: (line 59, column 1): unexpected '%' expecting white space Error: processing vignette 'netstat_custom.Rmd' failed with diagnostics: pandoc document conversion failed with error 25 --- failed re-building 'netstat_custom.Rmd' --- re-building 'ppc_custom.Rmd' using rmarkdown Error reading bibliography file ../inst/REFERENCES.bib: (line 59, column 1): unexpected '%' expecting white space Error: processing vignette 'ppc_custom.Rmd' failed with diagnostics: pandoc document conversion failed with error 25 --- failed re-building 'ppc_custom.Rmd' --- re-building 'predictability.Rmd' using rmarkdown Error reading bibliography file ../inst/REFERENCES.bib: (line 59, column 1): unexpected '%' expecting white space Error: processing vignette 'predictability.Rmd' failed with diagnostics: pandoc document conversion failed with error 25 --- failed re-building 'predictability.Rmd' --- re-building 'test_sum.Rmd' using rmarkdown Error reading bibliography file ../inst/REFERENCES.bib: (line 59, column 1): unexpected '%' expecting white space Error: processing vignette 'test_sum.Rmd' failed with diagnostics: pandoc document conversion failed with error 25 --- failed re-building 'test_sum.Rmd' --- re-building 'var_model.Rmd' using rmarkdown Error reading bibliography file ../inst/REFERENCES.bib: (line 59, column 1): unexpected '%' expecting white space Error: processing vignette 'var_model.Rmd' failed with diagnostics: pandoc document conversion failed with error 25 --- failed re-building 'var_model.Rmd' SUMMARY: processing the following files failed: 'control.Rmd' 'hyp_3_ways.Rmd' 'in_tandem.Rmd' 'installation.Rmd' 'mcmc_diagnostics.Rmd' 'netplot.Rmd' 'netstat_custom.Rmd' 'ppc_custom.Rmd' 'predictability.Rmd' 'test_sum.Rmd' 'var_model.Rmd' Error: Vignette re-building failed. Execution halted Flavor: r-oldrel-windows-x86_64