Last updated on 2023-06-02 20:56:20 CEST.
Flavor | Version | Tinstall | Tcheck | Ttotal | Status | Flags |
---|---|---|---|---|---|---|
r-devel-linux-x86_64-debian-clang | 2.0.4 | 94.65 | 261.46 | 356.11 | NOTE | |
r-devel-linux-x86_64-debian-gcc | 2.0.4 | 70.05 | 195.15 | 265.20 | NOTE | |
r-devel-linux-x86_64-fedora-clang | 2.0.4 | 458.15 | NOTE | |||
r-devel-linux-x86_64-fedora-gcc | 2.0.4 | 452.68 | NOTE | |||
r-devel-windows-x86_64 | 2.0.4 | 70.00 | 257.00 | 327.00 | NOTE | |
r-patched-linux-x86_64 | 2.0.4 | NOTE | ||||
r-release-linux-x86_64 | 2.0.4 | 81.32 | 248.79 | 330.11 | NOTE | |
r-release-macos-arm64 | 2.0.4 | 159.00 | NOTE | |||
r-release-macos-x86_64 | 2.0.4 | 251.00 | NOTE | |||
r-release-windows-x86_64 | 2.0.4 | 87.00 | 317.00 | 404.00 | NOTE | |
r-oldrel-macos-arm64 | 2.0.4 | 119.00 | NOTE | |||
r-oldrel-macos-x86_64 | 2.0.4 | 198.00 | NOTE | |||
r-oldrel-windows-x86_64 | 2.0.4 | 85.00 | 288.00 | 373.00 | NOTE |
Version: 2.0.4
Check: C++ specification
Result: NOTE
Specified C++11: please drop specification unless essential
Flavors: r-devel-linux-x86_64-debian-clang, r-devel-linux-x86_64-debian-gcc, r-devel-linux-x86_64-fedora-clang, r-devel-linux-x86_64-fedora-gcc, r-devel-windows-x86_64, r-patched-linux-x86_64, r-release-linux-x86_64, r-release-macos-arm64, r-release-macos-x86_64, r-release-windows-x86_64
Version: 2.0.4
Check: installed package size
Result: NOTE
installed size is 6.6Mb
sub-directories of 1Mb or more:
doc 3.8Mb
help 1.1Mb
Flavors: r-devel-linux-x86_64-fedora-clang, r-devel-windows-x86_64, r-release-macos-arm64, r-release-macos-x86_64, r-release-windows-x86_64, r-oldrel-macos-arm64, r-oldrel-macos-x86_64, r-oldrel-windows-x86_64