Last updated on 2023-06-08 08:55:16 CEST.
Flavor | Version | Tinstall | Tcheck | Ttotal | Status | Flags |
---|---|---|---|---|---|---|
r-devel-linux-x86_64-debian-clang | 1.4.3 | 178.99 | 760.53 | 939.52 | OK | |
r-devel-linux-x86_64-debian-gcc | 1.4.3 | 136.54 | 343.34 | 479.88 | OK | |
r-devel-linux-x86_64-fedora-clang | 1.4.3 | 950.95 | NOTE | |||
r-devel-linux-x86_64-fedora-gcc | 1.4.3 | 788.53 | NOTE | |||
r-devel-windows-x86_64 | 1.4.3 | 122.00 | 302.00 | 424.00 | OK | |
r-patched-linux-x86_64 | 1.4.3 | 149.84 | 439.07 | 588.91 | OK | |
r-release-linux-x86_64 | 1.4.3 | 134.93 | 439.76 | 574.69 | OK | |
r-release-macos-arm64 | 1.4.3 | 206.00 | NOTE | |||
r-release-macos-x86_64 | 1.4.3 | 388.00 | NOTE | |||
r-release-windows-x86_64 | 1.4.3 | 166.00 | 384.00 | 550.00 | OK | |
r-oldrel-macos-arm64 | 1.4.3 | 208.00 | NOTE | |||
r-oldrel-macos-x86_64 | 1.4.3 | 245.00 | NOTE | |||
r-oldrel-windows-x86_64 | 1.4.3 | 157.00 | 394.00 | 551.00 | OK |
Version: 1.4.3
Check: dependencies in R code
Result: NOTE
Namespace in Imports field not imported from: ‘forecast’
All declared Imports should be used.
Flavors: r-devel-linux-x86_64-fedora-clang, r-devel-linux-x86_64-fedora-gcc
Version: 1.4.3
Check: installed package size
Result: NOTE
installed size is 15.3Mb
sub-directories of 1Mb or more:
libs 14.3Mb
Flavors: r-release-macos-arm64, r-release-macos-x86_64, r-oldrel-macos-arm64, r-oldrel-macos-x86_64