Last updated on 2024-03-28 07:52:44 CET.
Flavor | Version | Tinstall | Tcheck | Ttotal | Status | Flags |
---|---|---|---|---|---|---|
r-devel-linux-x86_64-debian-clang | 0.1.3 | 41.77 | 88.51 | 130.28 | NOTE | |
r-devel-linux-x86_64-debian-gcc | 0.1.3 | 37.41 | 67.20 | 104.61 | NOTE | |
r-devel-linux-x86_64-fedora-clang | 0.1.3 | 180.59 | NOTE | |||
r-devel-linux-x86_64-fedora-gcc | 0.1.3 | 288.09 | NOTE | |||
r-devel-windows-x86_64 | 0.1.3 | 37.00 | 95.00 | 132.00 | NOTE | |
r-patched-linux-x86_64 | 0.1.3 | 34.98 | 87.53 | 122.51 | NOTE | |
r-release-linux-x86_64 | 0.1.3 | 34.06 | 85.88 | 119.94 | NOTE | |
r-release-macos-arm64 | 0.1.3 | 84.00 | NOTE | |||
r-release-macos-x86_64 | 0.1.3 | 138.00 | NOTE | |||
r-release-windows-x86_64 | 0.1.3 | 48.00 | 121.00 | 169.00 | NOTE | |
r-oldrel-macos-arm64 | 0.1.3 | 71.00 | OK | |||
r-oldrel-windows-x86_64 | 0.1.3 | 48.00 | 137.00 | 185.00 | OK |
Version: 0.1.3
Check: C++ specification
Result: NOTE
Specified C++11: please drop specification unless essential
Flavors: r-devel-linux-x86_64-debian-clang, r-devel-linux-x86_64-debian-gcc, r-devel-linux-x86_64-fedora-clang, r-devel-linux-x86_64-fedora-gcc, r-devel-windows-x86_64, r-patched-linux-x86_64, r-release-linux-x86_64, r-release-macos-arm64, r-release-macos-x86_64, r-release-windows-x86_64