CRAN Package Check Results for Package BCE

Last updated on 2023-10-01 08:51:53 CEST.

Flavor Version Tinstall Tcheck Ttotal Status Flags
r-devel-linux-x86_64-debian-clang 2.2.0 9.84 96.60 106.44 NOTE
r-devel-linux-x86_64-debian-gcc 2.2.0 9.55 74.20 83.75 NOTE
r-devel-linux-x86_64-fedora-clang 2.2.0 135.14 NOTE
r-devel-linux-x86_64-fedora-gcc 2.2.0 148.27 NOTE
r-devel-windows-x86_64 2.2.0 10.00 88.00 98.00 NOTE
r-patched-linux-x86_64 2.2.0 8.48 93.89 102.37 NOTE
r-release-linux-x86_64 2.2.0 10.71 95.83 106.54 NOTE
r-release-macos-arm64 2.2.0 42.00 NOTE
r-release-macos-x86_64 2.2.0 64.00 NOTE
r-release-windows-x86_64 2.2.0 11.00 104.00 115.00 NOTE
r-oldrel-macos-arm64 2.2.0 41.00 OK
r-oldrel-macos-x86_64 2.2.0 56.00 OK
r-oldrel-windows-x86_64 2.2.0 12.00 107.00 119.00 OK

Check Details

Version: 2.2.0
Check: Rd files
Result: NOTE
    checkRd: (-1) tlsce.Rd:51: Escaped LaTeX specials: \_
    checkRd: (-1) tlsce.Rd:55: Escaped LaTeX specials: \_
    checkRd: (-1) tlsce.Rd:90: Escaped LaTeX specials: \_
    checkRd: (-1) tlsce.Rd:93: Escaped LaTeX specials: \_
Flavors: r-devel-linux-x86_64-debian-clang, r-devel-linux-x86_64-debian-gcc, r-devel-linux-x86_64-fedora-clang, r-devel-linux-x86_64-fedora-gcc, r-devel-windows-x86_64, r-patched-linux-x86_64, r-release-linux-x86_64, r-release-macos-arm64, r-release-macos-x86_64, r-release-windows-x86_64

Version: 2.2.0
Check: Rd \usage sections
Result: NOTE
    S3 methods shown with full name in documentation object 'export.bce':
     ‘export.bce’
    
    The \usage entries for S3 methods should use the \method markup and not
    their full name.
    See chapter ‘Writing R documentation files’ in the ‘Writing R
    Extensions’ manual.
Flavors: r-devel-linux-x86_64-debian-clang, r-devel-linux-x86_64-debian-gcc, r-devel-linux-x86_64-fedora-clang, r-devel-linux-x86_64-fedora-gcc, r-devel-windows-x86_64, r-patched-linux-x86_64, r-release-linux-x86_64, r-release-macos-arm64, r-release-macos-x86_64, r-release-windows-x86_64