Last updated on 2024-03-28 07:52:44 CET.
Flavor | Version | Tinstall | Tcheck | Ttotal | Status | Flags |
---|---|---|---|---|---|---|
r-devel-linux-x86_64-debian-clang | 2.9.6 | 185.21 | 178.87 | 364.08 | OK | |
r-devel-linux-x86_64-debian-gcc | 2.9.6 | 129.63 | 129.41 | 259.04 | OK | |
r-devel-linux-x86_64-fedora-clang | 2.9.6 | 515.26 | OK | |||
r-devel-linux-x86_64-fedora-gcc | 2.9.6 | 505.25 | OK | |||
r-devel-windows-x86_64 | 2.9.6 | 136.00 | 172.00 | 308.00 | NOTE | |
r-patched-linux-x86_64 | 2.9.6 | 163.46 | 175.47 | 338.93 | OK | |
r-release-linux-x86_64 | 2.9.6 | 177.73 | 172.27 | 350.00 | OK | |
r-release-macos-arm64 | 2.9.6 | 113.00 | NOTE | |||
r-release-macos-x86_64 | 2.9.6 | 202.00 | NOTE | |||
r-release-windows-x86_64 | 2.9.6 | 167.00 | 199.00 | 366.00 | NOTE | |
r-oldrel-macos-arm64 | 2.9.6 | 112.00 | NOTE | |||
r-oldrel-windows-x86_64 | 2.9.6 | 158.00 | 196.00 | 354.00 | NOTE |
Version: 2.9.6
Check: installed package size
Result: NOTE
installed size is 5.9Mb
sub-directories of 1Mb or more:
data 3.1Mb
libs 1.3Mb
Flavors: r-devel-windows-x86_64, r-release-macos-arm64, r-release-macos-x86_64, r-release-windows-x86_64, r-oldrel-macos-arm64, r-oldrel-windows-x86_64