Last updated on 2023-12-02 07:50:14 CET.
Flavor | Version | Tinstall | Tcheck | Ttotal | Status | Flags |
---|---|---|---|---|---|---|
r-devel-linux-x86_64-debian-clang | 2.2.2 | 6.97 | 40.83 | 47.80 | OK | |
r-devel-linux-x86_64-debian-gcc | 2.2.2 | 5.79 | 31.34 | 37.13 | OK | |
r-devel-linux-x86_64-fedora-clang | 2.2.2 | 61.91 | OK | |||
r-devel-linux-x86_64-fedora-gcc | 2.2.2 | 69.45 | OK | |||
r-devel-windows-x86_64 | 2.2.2 | 8.00 | 59.00 | 67.00 | OK | |
r-patched-linux-x86_64 | 2.2.2 | 6.46 | 39.84 | 46.30 | OK | |
r-release-linux-x86_64 | 2.2.2 | 5.70 | 40.31 | 46.01 | OK | |
r-release-macos-arm64 | 2.2.2 | 28.00 | OK | |||
r-release-macos-x86_64 | 2.2.2 | 43.00 | NOTE | |||
r-release-windows-x86_64 | 2.2.2 | 11.00 | 62.00 | 73.00 | OK | |
r-oldrel-macos-arm64 | 2.2.2 | 20.00 | OK | |||
r-oldrel-macos-x86_64 | 2.2.2 | 36.00 | OK | |||
r-oldrel-windows-x86_64 | 2.2.2 | 11.00 | 58.00 | 69.00 | OK |
Version: 2.2.2
Check: package dependencies
Result: NOTE
Package suggested but not available for checking: ‘AzureKeyVault’
Flavor: r-release-macos-x86_64