Last updated on 2023-12-07 06:51:35 CET.
Flavor | Version | Tinstall | Tcheck | Ttotal | Status | Flags |
---|---|---|---|---|---|---|
r-devel-linux-x86_64-debian-clang | 3.7.0 | 6.60 | 52.70 | 59.30 | OK | |
r-devel-linux-x86_64-debian-gcc | 3.7.0 | 5.97 | 39.60 | 45.57 | OK | |
r-devel-linux-x86_64-fedora-clang | 3.7.0 | 73.78 | NOTE | |||
r-devel-linux-x86_64-fedora-gcc | 3.7.0 | 81.47 | NOTE | |||
r-devel-windows-x86_64 | 3.7.0 | 6.00 | 83.00 | 89.00 | OK | |
r-patched-linux-x86_64 | 3.7.0 | 12.60 | 51.11 | 63.71 | OK | |
r-release-linux-x86_64 | 3.7.0 | 6.98 | 50.74 | 57.72 | OK | |
r-release-macos-arm64 | 3.7.0 | 34.00 | OK | |||
r-release-macos-x86_64 | 3.7.0 | 50.00 | OK | |||
r-release-windows-x86_64 | 3.7.0 | 10.00 | 76.00 | 86.00 | OK | |
r-oldrel-macos-arm64 | 3.7.0 | 27.00 | NOTE | |||
r-oldrel-macos-x86_64 | 3.7.0 | 33.00 | NOTE | |||
r-oldrel-windows-x86_64 | 3.7.0 | 10.00 | 87.00 | 97.00 | OK |
Version: 3.7.0
Check: dependencies in R code
Result: NOTE
Namespace in Imports field not imported from: ‘R6’
All declared Imports should be used.
Flavors: r-devel-linux-x86_64-fedora-clang, r-devel-linux-x86_64-fedora-gcc, r-oldrel-macos-arm64, r-oldrel-macos-x86_64