CRAN Package Check Results for Package AzureCosmosR

Last updated on 2023-12-09 18:54:10 CET.

Flavor Version Tinstall Tcheck Ttotal Status Flags
r-devel-linux-x86_64-debian-clang 1.0.0 3.35 34.83 38.18 NOTE
r-devel-linux-x86_64-debian-gcc 1.0.0 3.27 26.56 29.83 NOTE
r-devel-linux-x86_64-fedora-clang 1.0.0 48.56 OK
r-devel-linux-x86_64-fedora-gcc 1.0.0 57.46 OK
r-devel-windows-x86_64 1.0.0 6.00 52.00 58.00 OK
r-patched-linux-x86_64 1.0.0 4.94 34.36 39.30 OK
r-release-linux-x86_64 1.0.0 3.54 32.57 36.11 OK
r-release-macos-arm64 1.0.0 24.00 OK
r-release-macos-x86_64 1.0.0 38.00 OK
r-release-windows-x86_64 1.0.0 6.00 50.00 56.00 OK
r-oldrel-macos-arm64 1.0.0 19.00 OK
r-oldrel-macos-x86_64 1.0.0 32.00 OK
r-oldrel-windows-x86_64 1.0.0 6.00 70.00 76.00 OK

Check Details

Version: 1.0.0
Check: Rd files
Result: NOTE checkRd: (-1) cosmos_mongo.Rd:21: Lost braces; missing escapes or markup? 21 | \item{host}{For \code{cosmos_mongo_endpoint}, the URL of the Cosmos DB MongoDB endpoint. Usually of the form "https://{account-name}.mongo.cosmos.azure.com:443/".} | ^ Flavors: r-devel-linux-x86_64-debian-clang, r-devel-linux-x86_64-debian-gcc