Last updated on 2024-04-26 08:54:48 CEST.
Flavor | Version | Tinstall | Tcheck | Ttotal | Status | Flags |
---|---|---|---|---|---|---|
r-devel-linux-x86_64-debian-clang | 1.3.2 | 7.48 | 42.69 | 50.17 | OK | |
r-devel-linux-x86_64-debian-gcc | 1.3.2 | 6.41 | 32.65 | 39.06 | OK | |
r-devel-linux-x86_64-fedora-clang | 1.3.2 | 69.30 | NOTE | |||
r-devel-linux-x86_64-fedora-gcc | 1.3.2 | 79.90 | NOTE | |||
r-devel-windows-x86_64 | 1.3.2 | 8.00 | 59.00 | 67.00 | OK | |
r-patched-linux-x86_64 | 1.3.2 | 15.58 | 41.45 | 57.03 | OK | |
r-release-linux-x86_64 | 1.3.2 | 7.85 | 40.28 | 48.13 | OK | |
r-release-macos-arm64 | 1.3.2 | 33.00 | OK | |||
r-release-windows-x86_64 | 1.3.2 | 8.00 | 59.00 | 67.00 | OK | |
r-oldrel-macos-arm64 | 1.3.2 | 31.00 | OK | |||
r-oldrel-macos-x86_64 | 1.3.2 | 44.00 | OK | |||
r-oldrel-windows-x86_64 | 1.3.2 | 10.00 | 66.00 | 76.00 | OK |
Version: 1.3.2
Check: dependencies in R code
Result: NOTE
Namespace in Imports field not imported from: ‘openssl’
All declared Imports should be used.
Flavors: r-devel-linux-x86_64-fedora-clang, r-devel-linux-x86_64-fedora-gcc
Version: 1.3.2
Check: Rd cross-references
Result: NOTE
Undeclared package ‘AzureAuth’ in Rd xrefs
Flavor: r-devel-linux-x86_64-fedora-clang