Last updated on 2023-06-04 08:57:03 CEST.
Flavor | Version | Tinstall | Tcheck | Ttotal | Status | Flags |
---|---|---|---|---|---|---|
r-devel-linux-x86_64-debian-clang | 1.1.0 | 73.20 | 327.42 | 400.62 | NOTE | |
r-devel-linux-x86_64-debian-gcc | 1.1.0 | 57.25 | 331.35 | 388.60 | NOTE | |
r-devel-linux-x86_64-fedora-clang | 1.1.0 | 475.15 | NOTE | |||
r-devel-linux-x86_64-fedora-gcc | 1.1.0 | 534.36 | NOTE | |||
r-devel-windows-x86_64 | 1.1.0 | 57.00 | 298.00 | 355.00 | NOTE | |
r-patched-linux-x86_64 | 1.1.0 | 53.30 | 317.57 | 370.87 | NOTE | |
r-release-linux-x86_64 | 1.1.0 | 53.69 | 334.51 | 388.20 | NOTE | |
r-release-macos-arm64 | 1.1.0 | 140.00 | NOTE | |||
r-release-macos-x86_64 | 1.1.0 | 216.00 | NOTE | |||
r-release-windows-x86_64 | 1.1.0 | 73.00 | 332.00 | 405.00 | NOTE | |
r-oldrel-macos-arm64 | 1.1.0 | 119.00 | NOTE | |||
r-oldrel-macos-x86_64 | 1.1.0 | 203.00 | NOTE | |||
r-oldrel-windows-x86_64 | 1.1.0 | 71.00 | 326.00 | 397.00 | OK |
Version: 1.1.0
Check: C++ specification
Result: NOTE
Specified C++11: please drop specification unless essential
Flavors: r-devel-linux-x86_64-debian-clang, r-devel-linux-x86_64-debian-gcc, r-devel-linux-x86_64-fedora-clang, r-devel-linux-x86_64-fedora-gcc, r-devel-windows-x86_64, r-patched-linux-x86_64, r-release-linux-x86_64, r-release-macos-arm64, r-release-macos-x86_64, r-release-windows-x86_64
Version: 1.1.0
Check: dependencies in R code
Result: NOTE
Namespaces in Imports field not imported from:
‘Rdpack’ ‘mcclust’
All declared Imports should be used.
Flavors: r-devel-linux-x86_64-fedora-clang, r-devel-linux-x86_64-fedora-gcc, r-oldrel-macos-arm64, r-oldrel-macos-x86_64
Version: 1.1.0
Check: installed package size
Result: NOTE
installed size is 5.8Mb
sub-directories of 1Mb or more:
libs 5.5Mb
Flavors: r-release-macos-arm64, r-release-macos-x86_64, r-oldrel-macos-arm64, r-oldrel-macos-x86_64