Last updated on 2023-09-24 08:58:12 CEST.
Flavor | Version | Tinstall | Tcheck | Ttotal | Status | Flags |
---|---|---|---|---|---|---|
r-devel-linux-x86_64-debian-clang | 0.1.7 | 16.30 | 82.75 | 99.05 | OK | |
r-devel-linux-x86_64-debian-gcc | 0.1.7 | 13.64 | 61.31 | 74.95 | OK | |
r-devel-linux-x86_64-fedora-clang | 0.1.7 | 126.89 | OK | |||
r-devel-linux-x86_64-fedora-gcc | 0.1.7 | 122.00 | OK | |||
r-devel-windows-x86_64 | 0.1.7 | 17.00 | 79.00 | 96.00 | OK | |
r-patched-linux-x86_64 | 0.1.7 | 12.25 | 77.27 | 89.52 | OK | |
r-release-linux-x86_64 | 0.1.7 | 13.37 | 77.95 | 91.32 | OK | |
r-release-macos-arm64 | 0.1.7 | 47.00 | NOTE | |||
r-release-macos-x86_64 | 0.1.7 | 66.00 | OK | |||
r-release-windows-x86_64 | 0.1.7 | 23.00 | 89.00 | 112.00 | OK | |
r-oldrel-macos-arm64 | 0.1.7 | 53.00 | OK | |||
r-oldrel-macos-x86_64 | 0.1.7 | 59.00 | OK | |||
r-oldrel-windows-x86_64 | 0.1.7 | 22.00 | 92.00 | 114.00 | OK |
Version: 0.1.7
Check: package dependencies
Result: NOTE
Package suggested but not available for checking: ‘GEOquery’
Flavor: r-release-macos-arm64