Last updated on 2024-04-19 19:50:07 CEST.
Flavor | Version | Tinstall | Tcheck | Ttotal | Status | Flags |
---|---|---|---|---|---|---|
r-devel-linux-x86_64-debian-clang | 1.5.3 | 324.01 | 108.08 | 432.09 | OK | |
r-devel-linux-x86_64-debian-gcc | 1.5.3 | OK | ||||
r-devel-linux-x86_64-fedora-clang | 1.5.3 | 585.90 | OK | |||
r-devel-linux-x86_64-fedora-gcc | 1.5.3 | 663.33 | OK | |||
r-prerel-macos-arm64 | 1.5.3 | 116.00 | NOTE | |||
r-prerel-windows-x86_64 | 1.5.3 | 226.00 | 182.00 | 408.00 | OK | |
r-patched-linux-x86_64 | 1.5.3 | 325.57 | 97.75 | 423.32 | OK | |
r-release-linux-x86_64 | 1.5.3 | 314.26 | 99.56 | 413.82 | OK | |
r-release-macos-arm64 | 1.5.3 | 127.00 | NOTE | |||
r-release-macos-x86_64 | 1.5.3 | 184.00 | NOTE | |||
r-release-windows-x86_64 | 1.5.3 | 285.00 | 169.00 | 454.00 | OK | |
r-oldrel-macos-arm64 | 1.5.3 | 116.00 | NOTE | |||
r-oldrel-windows-x86_64 | 1.5.3 | 274.00 | 153.00 | 427.00 | OK |
Version: 1.5.3
Check: installed package size
Result: NOTE
installed size is 19.1Mb
sub-directories of 1Mb or more:
libs 17.8Mb
Flavors: r-prerel-macos-arm64, r-release-macos-arm64, r-release-macos-x86_64, r-oldrel-macos-arm64