Last updated on 2023-06-02 07:55:16 CEST.
Flavor | Version | Tinstall | Tcheck | Ttotal | Status | Flags |
---|---|---|---|---|---|---|
r-devel-linux-x86_64-debian-clang | 0.1.2 | 21.77 | 42.97 | 64.74 | NOTE | |
r-devel-linux-x86_64-debian-gcc | 0.1.2 | 18.94 | 33.83 | 52.77 | NOTE | |
r-devel-linux-x86_64-fedora-clang | 0.1.2 | 93.93 | NOTE | |||
r-devel-linux-x86_64-fedora-gcc | 0.1.2 | 110.36 | NOTE | |||
r-devel-windows-x86_64 | 0.1.2 | 19.00 | 72.00 | 91.00 | NOTE | |
r-patched-linux-x86_64 | 0.1.2 | NOTE | ||||
r-release-linux-x86_64 | 0.1.2 | 18.44 | 41.01 | 59.45 | NOTE | |
r-release-macos-arm64 | 0.1.2 | 32.00 | NOTE | |||
r-release-macos-x86_64 | 0.1.2 | 51.00 | NOTE | |||
r-release-windows-x86_64 | 0.1.2 | 19.00 | 84.00 | 103.00 | NOTE | |
r-oldrel-macos-arm64 | 0.1.2 | 33.00 | NOTE | |||
r-oldrel-macos-x86_64 | 0.1.2 | 47.00 | NOTE | |||
r-oldrel-windows-x86_64 | 0.1.2 | 23.00 | 83.00 | 106.00 | NOTE |
Version: 0.1.2
Check: C++ specification
Result: NOTE
Specified C++11: please drop specification unless essential
Flavors: r-devel-linux-x86_64-debian-clang, r-devel-linux-x86_64-debian-gcc, r-devel-linux-x86_64-fedora-clang, r-devel-linux-x86_64-fedora-gcc, r-devel-windows-x86_64, r-patched-linux-x86_64, r-release-linux-x86_64, r-release-macos-arm64, r-release-macos-x86_64, r-release-windows-x86_64
Version: 0.1.2
Check: LazyData
Result: NOTE
'LazyData' is specified without a 'data' directory
Flavors: r-devel-linux-x86_64-debian-clang, r-devel-linux-x86_64-debian-gcc, r-devel-linux-x86_64-fedora-clang, r-devel-linux-x86_64-fedora-gcc, r-devel-windows-x86_64, r-patched-linux-x86_64, r-release-linux-x86_64, r-release-macos-arm64, r-release-macos-x86_64, r-release-windows-x86_64, r-oldrel-macos-arm64, r-oldrel-macos-x86_64, r-oldrel-windows-x86_64