Last updated on 2024-03-29 07:54:37 CET.
Flavor | Version | Tinstall | Tcheck | Ttotal | Status | Flags |
---|---|---|---|---|---|---|
r-devel-linux-x86_64-debian-clang | 1.6 | 30.19 | 66.63 | 96.82 | NOTE | |
r-devel-linux-x86_64-debian-gcc | 1.6 | 23.80 | 50.72 | 74.52 | NOTE | |
r-devel-linux-x86_64-fedora-clang | 1.6 | 125.75 | NOTE | |||
r-devel-linux-x86_64-fedora-gcc | 1.6 | 124.46 | NOTE | |||
r-devel-windows-x86_64 | 1.6 | 25.00 | 84.00 | 109.00 | NOTE | |
r-patched-linux-x86_64 | 1.6 | 31.75 | 64.76 | 96.51 | NOTE | |
r-release-linux-x86_64 | 1.6 | 25.58 | 66.77 | 92.35 | OK | |
r-release-macos-arm64 | 1.6 | 39.00 | OK | |||
r-release-macos-x86_64 | 1.6 | 67.00 | OK | |||
r-release-windows-x86_64 | 1.6 | 32.00 | 103.00 | 135.00 | OK | |
r-oldrel-macos-arm64 | 1.6 | 41.00 | OK | |||
r-oldrel-windows-x86_64 | 1.6 | 28.00 | 100.00 | 128.00 | OK |
Version: 1.6
Check: Rd files
Result: NOTE
checkRd: (-1) aslm-methods.Rd:11: Lost braces in \itemize; meant \describe ?
checkRd: (-1) aslm-methods.Rd:12: Lost braces in \itemize; meant \describe ?
checkRd: (-1) aslm-methods.Rd:13: Lost braces in \itemize; meant \describe ?
Flavors: r-devel-linux-x86_64-debian-clang, r-devel-linux-x86_64-debian-gcc, r-devel-linux-x86_64-fedora-clang, r-devel-linux-x86_64-fedora-gcc, r-devel-windows-x86_64, r-patched-linux-x86_64
Version: 1.6
Check: Rd metadata
Result: NOTE
Invalid package aliases in Rd file 'aslm-package.Rd':
‘aslm-package’ ‘asggm-package’
Flavors: r-devel-linux-x86_64-debian-clang, r-devel-linux-x86_64-debian-gcc, r-devel-linux-x86_64-fedora-clang, r-devel-linux-x86_64-fedora-gcc, r-devel-windows-x86_64, r-patched-linux-x86_64
Version: 1.6
Check: Rd contents
Result: NOTE
Argument items with no description in Rd file 'asggm-internal.Rd':
‘ansL’ ‘kNodes’ ‘spP’
Flavors: r-devel-linux-x86_64-debian-clang, r-devel-linux-x86_64-debian-gcc, r-devel-linux-x86_64-fedora-clang, r-devel-linux-x86_64-fedora-gcc, r-devel-windows-x86_64, r-patched-linux-x86_64