Last updated on 2024-04-24 07:57:34 CEST.
Flavor | Version | Tinstall | Tcheck | Ttotal | Status | Flags |
---|---|---|---|---|---|---|
r-devel-linux-x86_64-debian-clang | 1.1.4 | 54.29 | 49.96 | 104.25 | OK | |
r-devel-linux-x86_64-debian-gcc | 1.1.4 | 45.79 | 38.01 | 83.80 | OK | |
r-devel-linux-x86_64-fedora-clang | 1.1.4 | 142.06 | OK | |||
r-devel-linux-x86_64-fedora-gcc | 1.1.4 | 151.50 | OK | |||
r-prerel-macos-arm64 | 1.1.4 | 36.00 | NOTE | |||
r-prerel-macos-x86_64 | 1.1.4 | 73.00 | NOTE | |||
r-prerel-windows-x86_64 | 1.1.4 | 44.00 | 116.00 | 160.00 | OK | |
r-patched-linux-x86_64 | 1.1.4 | 56.02 | 49.75 | 105.77 | OK | |
r-release-linux-x86_64 | 1.1.4 | 61.88 | 50.17 | 112.05 | OK | |
r-release-macos-arm64 | 1.1.4 | 45.00 | NOTE | |||
r-release-macos-x86_64 | 1.1.4 | 69.00 | NOTE | |||
r-release-windows-x86_64 | 1.1.4 | 54.00 | 104.00 | 158.00 | OK | |
r-oldrel-macos-arm64 | 1.1.4 | 46.00 | NOTE | |||
r-oldrel-windows-x86_64 | 1.1.4 | 51.00 | 100.00 | 151.00 | OK |
Version: 1.1.4
Check: installed package size
Result: NOTE
installed size is 6.1Mb
sub-directories of 1Mb or more:
libs 6.0Mb
Flavors: r-prerel-macos-arm64, r-prerel-macos-x86_64, r-release-macos-arm64, r-release-macos-x86_64, r-oldrel-macos-arm64