Last updated on 2023-05-28 20:03:51 CEST.
Flavor | Version | Tinstall | Tcheck | Ttotal | Status | Flags |
---|---|---|---|---|---|---|
r-devel-linux-x86_64-debian-clang | 2.3.4 | 469.77 | 78.32 | 548.09 | NOTE | |
r-devel-linux-x86_64-debian-gcc | 2.3.4 | 377.63 | 73.06 | 450.69 | NOTE | |
r-devel-linux-x86_64-fedora-clang | 2.3.4 | 963.74 | NOTE | |||
r-devel-linux-x86_64-fedora-gcc | 2.3.4 | 853.02 | NOTE | |||
r-devel-windows-x86_64 | 2.3.4 | 297.00 | 109.00 | 406.00 | NOTE | |
r-patched-linux-x86_64 | 2.3.4 | 324.09 | 71.71 | 395.80 | NOTE | |
r-release-linux-x86_64 | 2.3.4 | 303.15 | 75.47 | 378.62 | NOTE | |
r-release-macos-arm64 | 2.3.4 | 264.00 | NOTE | |||
r-release-macos-x86_64 | 2.3.4 | 406.00 | NOTE | |||
r-release-windows-x86_64 | 2.3.4 | 389.00 | 129.00 | 518.00 | NOTE | |
r-oldrel-macos-arm64 | 2.3.4 | 229.00 | NOTE | |||
r-oldrel-macos-x86_64 | 2.3.4 | 415.00 | NOTE | |||
r-oldrel-windows-x86_64 | 2.3.4 | 382.00 | 117.00 | 499.00 | NOTE |
Version: 2.3.4
Check: C++ specification
Result: NOTE
Specified C++11: please drop specification unless essential
Flavors: r-devel-linux-x86_64-debian-clang, r-devel-linux-x86_64-debian-gcc, r-devel-linux-x86_64-fedora-clang, r-devel-linux-x86_64-fedora-gcc, r-devel-windows-x86_64, r-patched-linux-x86_64, r-release-linux-x86_64, r-release-macos-arm64, r-release-macos-x86_64, r-release-windows-x86_64
Version: 2.3.4
Check: LazyData
Result: NOTE
'LazyData' is specified without a 'data' directory
Flavors: r-devel-linux-x86_64-debian-clang, r-devel-linux-x86_64-debian-gcc, r-devel-linux-x86_64-fedora-clang, r-devel-linux-x86_64-fedora-gcc, r-devel-windows-x86_64, r-patched-linux-x86_64, r-release-linux-x86_64, r-release-macos-arm64, r-release-macos-x86_64, r-release-windows-x86_64, r-oldrel-macos-arm64, r-oldrel-macos-x86_64, r-oldrel-windows-x86_64
Version: 2.3.4
Check: installed package size
Result: NOTE
installed size is 32.9Mb
sub-directories of 1Mb or more:
cereal 1.4Mb
libs 31.4Mb
Flavors: r-release-macos-arm64, r-release-macos-x86_64, r-oldrel-macos-arm64, r-oldrel-macos-x86_64