Last updated on 2024-03-29 07:54:37 CET.
Flavor | Version | Tinstall | Tcheck | Ttotal | Status | Flags |
---|---|---|---|---|---|---|
r-devel-linux-x86_64-debian-clang | 2.0 | 3.61 | 35.28 | 38.89 | NOTE | |
r-devel-linux-x86_64-debian-gcc | 2.0 | 3.67 | 29.30 | 32.97 | NOTE | |
r-devel-linux-x86_64-fedora-clang | 2.0 | 52.80 | OK | |||
r-devel-linux-x86_64-fedora-gcc | 2.0 | 47.71 | OK | |||
r-devel-windows-x86_64 | 2.0 | 7.00 | 65.00 | 72.00 | OK | |
r-patched-linux-x86_64 | 2.0 | 4.01 | 35.39 | 39.40 | NOTE | |
r-release-linux-x86_64 | 2.0 | 5.34 | 35.12 | 40.46 | NOTE | |
r-release-macos-arm64 | 2.0 | 22.00 | NOTE | |||
r-release-macos-x86_64 | 2.0 | 34.00 | NOTE | |||
r-release-windows-x86_64 | 2.0 | 8.00 | 57.00 | 65.00 | NOTE | |
r-oldrel-macos-arm64 | 2.0 | 23.00 | NOTE | |||
r-oldrel-windows-x86_64 | 2.0 | 8.00 | 57.00 | 65.00 | NOTE |
Version: 2.0
Check: package dependencies
Result: NOTE
Package suggested but not available for checking: ‘INLA’
Flavors: r-devel-linux-x86_64-debian-clang, r-devel-linux-x86_64-debian-gcc, r-patched-linux-x86_64, r-release-linux-x86_64, r-release-macos-arm64, r-release-macos-x86_64, r-release-windows-x86_64, r-oldrel-macos-arm64, r-oldrel-windows-x86_64