Last updated on 2024-03-29 07:54:37 CET.
Flavor | Version | Tinstall | Tcheck | Ttotal | Status | Flags |
---|---|---|---|---|---|---|
r-devel-linux-x86_64-debian-clang | 2.0 | 31.05 | 112.00 | 143.05 | NOTE | |
r-devel-linux-x86_64-debian-gcc | 2.0 | 24.99 | 93.97 | 118.96 | NOTE | |
r-devel-linux-x86_64-fedora-clang | 2.0 | 312.99 | NOTE | |||
r-devel-linux-x86_64-fedora-gcc | 2.0 | 311.29 | NOTE | |||
r-devel-windows-x86_64 | 2.0 | 28.00 | 193.00 | 221.00 | NOTE | |
r-patched-linux-x86_64 | 2.0 | 30.83 | 108.30 | 139.13 | NOTE | |
r-release-linux-x86_64 | 2.0 | 23.18 | 107.38 | 130.56 | OK | |
r-release-macos-arm64 | 2.0 | 86.00 | OK | |||
r-release-macos-x86_64 | 2.0 | 144.00 | OK | |||
r-release-windows-x86_64 | 2.0 | 37.00 | 221.00 | 258.00 | OK | |
r-oldrel-macos-arm64 | 2.0 | 78.00 | OK | |||
r-oldrel-windows-x86_64 | 2.0 | 38.00 | 210.00 | 248.00 | OK |
Version: 2.0
Check: Rd files
Result: NOTE
checkRd: (-1) getNetworkGridLayout.Rd:6-11: Lost braces
6 | getCoordinatesFromVertexId2<-function(AFMImage, vId) {
| ^
Flavors: r-devel-linux-x86_64-debian-clang, r-devel-linux-x86_64-debian-gcc, r-devel-linux-x86_64-fedora-clang, r-devel-linux-x86_64-fedora-gcc, r-devel-windows-x86_64, r-patched-linux-x86_64