Last updated on 2023-06-06 20:09:37 CEST.
Flavor | Version | Tinstall | Tcheck | Ttotal | Status | Flags |
---|---|---|---|---|---|---|
r-devel-linux-x86_64-debian-clang | 0.8.1 | 7.49 | 62.76 | 70.25 | OK | |
r-devel-linux-x86_64-debian-gcc | 0.8.1 | 5.82 | 48.58 | 54.40 | OK | |
r-devel-linux-x86_64-fedora-clang | 0.8.1 | 94.73 | OK | |||
r-devel-linux-x86_64-fedora-gcc | 0.8.1 | 86.48 | OK | |||
r-devel-windows-x86_64 | 0.8.1 | 8.00 | 71.00 | 79.00 | OK | |
r-patched-linux-x86_64 | 0.8.1 | 12.64 | 62.64 | 75.28 | OK | |
r-release-linux-x86_64 | 0.8.1 | 4.57 | 61.18 | 65.75 | OK | |
r-release-macos-arm64 | 0.8.1 | 7.00 | ERROR | |||
r-release-macos-x86_64 | 0.8.1 | 57.00 | OK | |||
r-release-windows-x86_64 | 0.8.1 | 9.00 | 78.00 | 87.00 | OK | |
r-oldrel-macos-arm64 | 0.8.1 | 30.00 | OK | |||
r-oldrel-macos-x86_64 | 0.8.1 | 49.00 | OK | |||
r-oldrel-windows-x86_64 | 0.8.1 | 10.00 | 88.00 | 98.00 | OK |
Version: 0.8.1
Check: package dependencies
Result: ERROR
Packages required but not available: 'aroma.affymetrix', 'aroma.core'
See section ‘The DESCRIPTION file’ in the ‘Writing R Extensions’
manual.
Flavor: r-release-macos-arm64